{"id":559,"date":"2026-03-23T04:36:07","date_gmt":"2026-03-23T04:36:07","guid":{"rendered":"https:\/\/lulabookstore.com\/?post_type=product&#038;p=559"},"modified":"2026-03-23T08:42:11","modified_gmt":"2026-03-23T08:42:11","slug":"559","status":"publish","type":"product","link":"https:\/\/lulabookstore.com\/index.php\/san-pham\/559\/","title":{"rendered":"S\u00e1ch Gi\u00e1o Tr\u00ecnh Luy\u1ec7n Thi HSKK Trung C\u1ea5p &#8211; Cao C\u1ea5p"},"content":{"rendered":"<ul class=\"KsbFXc U6u95\" data-sfc-root=\"c\" data-sfc-cb=\"\" data-complete=\"true\" data-processed=\"true\">\n<li class=\"dF3vjf\" data-sfc-root=\"c\" data-sfc-cb=\"\" data-hveid=\"CAEIBhAA\" data-complete=\"true\" data-sae=\"\"><span class=\"T286Pc\" data-sfc-cp=\"\" data-sfc-root=\"c\" data-sfc-cb=\"\" data-complete=\"true\"><strong class=\"Yjhzub\" data-sfc-root=\"c\" data-sfc-cb=\"\" data-complete=\"true\">Ph\u00e2n t\u00edch \u0111\u1ec1 thi:<\/strong>\u00a0Gi\u1ea3i th\u00edch chi ti\u1ebft c\u1ea5u tr\u00fac b\u00e0i thi HSKK (Nghe v\u00e0 nh\u1eafc l\u1ea1i, Nghe v\u00e0 tr\u1ea3 l\u1eddi, Nh\u00ecn tranh n\u00f3i, Tr\u1ea3 l\u1eddi c\u00e2u h\u1ecfi&#8230;).<\/span><\/li>\n<li class=\"dF3vjf\" data-sfc-root=\"c\" data-sfc-cb=\"\" data-hveid=\"CAEIBhAB\" data-complete=\"true\" data-sae=\"\"><span class=\"T286Pc\" data-sfc-cp=\"\" data-sfc-root=\"c\" data-sfc-cb=\"\" data-complete=\"true\"><strong class=\"Yjhzub\" data-sfc-root=\"c\" data-sfc-cb=\"\" data-complete=\"true\">Chi\u1ebfn thu\u1eadt l\u00e0m b\u00e0i:<\/strong>\u00a0Cung c\u1ea5p c\u00e1c m\u1eb9o x\u1eed l\u00fd khi g\u1eb7p c\u00e2u h\u1ecfi kh\u00f3, c\u00e1ch s\u1eafp x\u1ebfp \u00fd t\u01b0\u1edfng logic trong th\u1eddi gian chu\u1ea9n b\u1ecb c\u1ef1c ng\u1eafn (ch\u1ec9 v\u00e0i ph\u00fat).<\/span><\/li>\n<li class=\"dF3vjf\" data-sfc-root=\"c\" data-sfc-cb=\"\" data-hveid=\"CAEIBhAC\" data-complete=\"true\" data-sae=\"\"><span class=\"T286Pc\" data-sfc-cp=\"\" data-sfc-root=\"c\" data-sfc-cb=\"\" data-complete=\"true\"><strong class=\"Yjhzub\" data-sfc-root=\"c\" data-sfc-cb=\"\" data-complete=\"true\">B\u00e0i t\u1eadp m\u00f4 ph\u1ecfng:<\/strong>\u00a0C\u00e1c b\u00e0i luy\u1ec7n t\u1eadp c\u00f3 \u0111\u1ed9 kh\u00f3 s\u00e1t v\u1edbi \u0111\u1ec1 thi th\u1eadt c\u1ee7a Hanban.<\/span><\/li>\n<li class=\"dF3vjf\" data-sfc-root=\"c\" data-sfc-cb=\"\" data-hveid=\"CAEICBAA\" data-complete=\"true\" data-sae=\"\"><span class=\"T286Pc\" data-sfc-cp=\"\" data-sfc-root=\"c\" data-sfc-cb=\"\" data-complete=\"true\"><strong class=\"Yjhzub\" data-sfc-root=\"c\" data-sfc-cb=\"\" data-complete=\"true\">T\u00ednh th\u1ef1c chi\u1ebfn cao:<\/strong>\u00a0S\u00e1ch gi\u00fap b\u1ea1n luy\u1ec7n ph\u1ea3n x\u1ea1 n\u00f3i nhanh, \u0111i\u1ec1u quan tr\u1ecdng nh\u1ea5t trong k\u1ef3 thi HSKK.<\/span><\/li>\n<li class=\"dF3vjf\" data-sfc-root=\"c\" data-sfc-cb=\"\" data-hveid=\"CAEICBAB\" data-complete=\"true\" data-sae=\"\"><span class=\"T286Pc\" data-sfc-cp=\"\" data-sfc-root=\"c\" data-sfc-cb=\"\" data-complete=\"true\"><strong class=\"Yjhzub\" data-sfc-root=\"c\" data-sfc-cb=\"\" data-complete=\"true\">B\u00e0i m\u1eabu ch\u1ea5t l\u01b0\u1ee3ng:<\/strong>\u00a0Cung c\u1ea5p c\u00e1c b\u00e0i n\u00f3i m\u1eabu chu\u1ea9n v\u1edbi t\u1eeb v\u1ef1ng v\u00e0 c\u1ea5u tr\u00fac ng\u1eef ph\u00e1p &#8220;sang&#8221;, gi\u00fap n\u00e2ng m\u1ee9c \u0111i\u1ec3m c\u1ee7a b\u1ea1n l\u00ean cao h\u01a1n.<\/span><\/li>\n<li class=\"dF3vjf\" data-sfc-root=\"c\" data-sfc-cb=\"\" data-hveid=\"CAEICBAC\" data-complete=\"true\" data-sae=\"\"><span class=\"T286Pc\" data-sfc-cp=\"\" data-sfc-root=\"c\" data-sfc-cb=\"\" data-complete=\"true\"><strong class=\"Yjhzub\" data-sfc-root=\"c\" data-sfc-cb=\"\" data-complete=\"true\">File nghe \u0111i k\u00e8m:<\/strong>\u00a0Gi\u1ecdng \u0111\u1ecdc chu\u1ea9n, gi\u00fap b\u1ea1n r\u00e8n luy\u1ec7n ng\u1eef \u0111i\u1ec7u v\u00e0 ph\u00e1t \u00e2m t\u1ef1 nhi\u00ean nh\u01b0 ng\u01b0\u1eddi b\u1ea3n x\u1ee9.<\/span><\/li>\n<\/ul>\n","protected":false},"excerpt":{"rendered":"<p>Ph\u00e2n t\u00edch \u0111\u1ec1 thi:\u00a0Gi\u1ea3i th\u00edch chi ti\u1ebft c\u1ea5u tr\u00fac b\u00e0i thi HSKK (Nghe v\u00e0 nh\u1eafc l\u1ea1i, Nghe v\u00e0 tr\u1ea3 l\u1eddi, [&hellip;]<\/p>\n","protected":false},"featured_media":560,"comment_status":"open","ping_status":"closed","template":"","meta":{"site-sidebar-layout":"default","site-content-layout":"","ast-site-content-layout":"default","site-content-style":"default","site-sidebar-style":"default","ast-global-header-display":"","ast-banner-title-visibility":"","ast-main-header-display":"","ast-hfb-above-header-display":"","ast-hfb-below-header-display":"","ast-hfb-mobile-header-display":"","site-post-title":"","ast-breadcrumbs-content":"","ast-featured-img":"","footer-sml-layout":"","ast-disable-related-posts":"","theme-transparent-header-meta":"","adv-header-id-meta":"","stick-header-meta":"","header-above-stick-meta":"","header-main-stick-meta":"","header-below-stick-meta":"","astra-migrate-meta-layouts":"default","ast-page-background-enabled":"default","ast-page-background-meta":{"desktop":{"background-color":"var(--ast-global-color-5)","background-image":"","background-repeat":"repeat","background-position":"center center","background-size":"auto","background-attachment":"scroll","background-type":"","background-media":"","overlay-type":"","overlay-color":"","overlay-opacity":"","overlay-gradient":""},"tablet":{"background-color":"","background-image":"","background-repeat":"repeat","background-position":"center center","background-size":"auto","background-attachment":"scroll","background-type":"","background-media":"","overlay-type":"","overlay-color":"","overlay-opacity":"","overlay-gradient":""},"mobile":{"background-color":"","background-image":"","background-repeat":"repeat","background-position":"center center","background-size":"auto","background-attachment":"scroll","background-type":"","background-media":"","overlay-type":"","overlay-color":"","overlay-opacity":"","overlay-gradient":""}},"ast-content-background-meta":{"desktop":{"background-color":"var(--ast-global-color-4)","background-image":"","background-repeat":"repeat","background-position":"center center","background-size":"auto","background-attachment":"scroll","background-type":"","background-media":"","overlay-type":"","overlay-color":"","overlay-opacity":"","overlay-gradient":""},"tablet":{"background-color":"var(--ast-global-color-4)","background-image":"","background-repeat":"repeat","background-position":"center center","background-size":"auto","background-attachment":"scroll","background-type":"","background-media":"","overlay-type":"","overlay-color":"","overlay-opacity":"","overlay-gradient":""},"mobile":{"background-color":"var(--ast-global-color-4)","background-image":"","background-repeat":"repeat","background-position":"center center","background-size":"auto","background-attachment":"scroll","background-type":"","background-media":"","overlay-type":"","overlay-color":"","overlay-opacity":"","overlay-gradient":""}}},"product_brand":[],"product_cat":[25],"product_tag":[],"class_list":{"0":"post-559","1":"product","2":"type-product","3":"status-publish","4":"has-post-thumbnail","6":"product_cat-sach-tieng-trung","7":"desktop-align-left","8":"tablet-align-left","9":"mobile-align-left","11":"first","12":"instock","13":"sale","14":"taxable","15":"shipping-taxable","16":"purchasable","17":"product-type-variable"},"_links":{"self":[{"href":"https:\/\/lulabookstore.com\/index.php\/wp-json\/wp\/v2\/product\/559","targetHints":{"allow":["GET"]}}],"collection":[{"href":"https:\/\/lulabookstore.com\/index.php\/wp-json\/wp\/v2\/product"}],"about":[{"href":"https:\/\/lulabookstore.com\/index.php\/wp-json\/wp\/v2\/types\/product"}],"replies":[{"embeddable":true,"href":"https:\/\/lulabookstore.com\/index.php\/wp-json\/wp\/v2\/comments?post=559"}],"wp:featuredmedia":[{"embeddable":true,"href":"https:\/\/lulabookstore.com\/index.php\/wp-json\/wp\/v2\/media\/560"}],"wp:attachment":[{"href":"https:\/\/lulabookstore.com\/index.php\/wp-json\/wp\/v2\/media?parent=559"}],"wp:term":[{"taxonomy":"product_brand","embeddable":true,"href":"https:\/\/lulabookstore.com\/index.php\/wp-json\/wp\/v2\/product_brand?post=559"},{"taxonomy":"product_cat","embeddable":true,"href":"https:\/\/lulabookstore.com\/index.php\/wp-json\/wp\/v2\/product_cat?post=559"},{"taxonomy":"product_tag","embeddable":true,"href":"https:\/\/lulabookstore.com\/index.php\/wp-json\/wp\/v2\/product_tag?post=559"}],"curies":[{"name":"wp","href":"https:\/\/api.w.org\/{rel}","templated":true}]}}