{"id":480,"date":"2026-03-22T17:31:51","date_gmt":"2026-03-22T17:31:51","guid":{"rendered":"https:\/\/lulabookstore.com\/?post_type=product&#038;p=480"},"modified":"2026-03-22T17:31:51","modified_gmt":"2026-03-22T17:31:51","slug":"sach-21-ngay-chinh-phuc-ngu-phap-hsk-6","status":"publish","type":"product","link":"https:\/\/lulabookstore.com\/index.php\/san-pham\/sach-21-ngay-chinh-phuc-ngu-phap-hsk-6\/","title":{"rendered":"S\u00e1ch 21 Ng\u00e0y Chinh Ph\u1ee5c Ng\u1eef Ph\u00e1p HSK 6"},"content":{"rendered":"<ul class=\"KsbFXc U6u95\" data-sfc-root=\"c\" data-sfc-cb=\"\" data-complete=\"true\" data-processed=\"true\">\n<li class=\"dF3vjf\" data-sfc-root=\"c\" data-sfc-cb=\"\" data-hveid=\"CAEIBhAA\" data-complete=\"true\" data-sae=\"\"><span class=\"T286Pc\" data-sfc-cp=\"\" data-sfc-root=\"c\" data-sfc-cb=\"\" data-complete=\"true\"><strong class=\"Yjhzub\" data-sfc-root=\"c\" data-sfc-cb=\"\" data-complete=\"true\">Tu\u1ea7n 1:<\/strong>\u00a0T\u1eadp trung v\u00e0o c\u00e1c lo\u1ea1i t\u1eeb (danh t\u1eeb, \u0111\u1ed9ng t\u1eeb, \u0111\u1ea1i t\u1eeb&#8230;) v\u00e0 c\u00e1c c\u1ea5u tr\u00fac c\u00e2u c\u01a1 b\u1ea3n nh\u01b0ng d\u1ec5 nh\u1ea7m l\u1eabn \u1edf tr\u00ecnh \u0111\u1ed9 cao.<\/span><\/li>\n<li class=\"dF3vjf\" data-sfc-root=\"c\" data-sfc-cb=\"\" data-hveid=\"CAEIBhAB\" data-complete=\"true\" data-sae=\"\"><span class=\"T286Pc\" data-sfc-cp=\"\" data-sfc-root=\"c\" data-sfc-cb=\"\" data-complete=\"true\"><strong class=\"Yjhzub\" data-sfc-root=\"c\" data-sfc-cb=\"\" data-complete=\"true\">Tu\u1ea7n 2:<\/strong>\u00a0\u0110i s\u00e2u v\u00e0o c\u00e1c h\u01b0 t\u1eeb, li\u00ean t\u1eeb v\u00e0 c\u00e1c c\u1ea5u tr\u00fac ng\u1eef ph\u00e1p ph\u1ee9c t\u1ea1p th\u01b0\u1eddng xu\u1ea5t hi\u1ec7n trong b\u00e0i thi \u0110\u1ecdc v\u00e0 Vi\u1ebft.<\/span><\/li>\n<li class=\"dF3vjf\" data-sfc-root=\"c\" data-sfc-cb=\"\" data-hveid=\"CAEIBhAC\" data-complete=\"true\" data-sae=\"\"><span class=\"T286Pc\" data-sfc-cp=\"\" data-sfc-root=\"c\" data-sfc-cb=\"\" data-complete=\"true\"><strong class=\"Yjhzub\" data-sfc-root=\"c\" data-sfc-cb=\"\" data-complete=\"true\">Tu\u1ea7n 3:<\/strong>\u00a0Luy\u1ec7n t\u1eadp t\u1ed5ng h\u1ee3p, ph\u00e2n t\u00edch c\u00e1c l\u1ed7i sai th\u01b0\u1eddng g\u1eb7p (B\u1ec7nh c\u00e2u &#8211; \u75c5\u53e5) v\u00e0 l\u00e0m \u0111\u1ec1 m\u00f4 ph\u1ecfng.<\/span><\/li>\n<li class=\"dF3vjf\" data-sfc-root=\"c\" data-sfc-cb=\"\" data-hveid=\"CAEICBAA\" data-complete=\"true\" data-sae=\"\"><span class=\"T286Pc\" data-sfc-cp=\"\" data-sfc-root=\"c\" data-sfc-cb=\"\" data-complete=\"true\"><strong class=\"Yjhzub\" data-sfc-root=\"c\" data-sfc-cb=\"\" data-complete=\"true\">\u0110\u00fang tr\u1ecdng t\u00e2m (Targeted):<\/strong>\u00a0S\u00e1ch kh\u00f4ng d\u1ea1y ng\u1eef ph\u00e1p d\u00e0n tr\u1ea3i m\u00e0 ch\u1ec9 t\u1eadp trung v\u00e0o nh\u1eefng \u0111i\u1ec3m ng\u1eef ph\u00e1p\u00a0<strong class=\"Yjhzub\" data-sfc-root=\"c\" data-sfc-cb=\"\" data-complete=\"true\">ch\u1eafc ch\u1eafn s\u1ebd thi<\/strong>\u00a0ho\u1eb7c\u00a0<strong class=\"Yjhzub\" data-sfc-root=\"c\" data-sfc-cb=\"\" data-complete=\"true\">th\u01b0\u1eddng xuy\u00ean g\u00e2y m\u1ea5t \u0111i\u1ec3m<\/strong>\u00a0\u1edf c\u1ea5p \u0111\u1ed9 HSK 6.<\/span><\/li>\n<li class=\"dF3vjf\" data-sfc-root=\"c\" data-sfc-cb=\"\" data-hveid=\"CAEICBAB\" data-complete=\"true\" data-sae=\"\"><span class=\"T286Pc\" data-sfc-cp=\"\" data-sfc-root=\"c\" data-sfc-cb=\"\" data-complete=\"true\"><strong class=\"Yjhzub\" data-sfc-root=\"c\" data-sfc-cb=\"\" data-complete=\"true\">Gi\u1ea3i quy\u1ebft &#8220;n\u1ed7i s\u1ee3&#8221; c\u00e2u sai:<\/strong>\u00a0Ph\u1ea7n h\u01b0\u1edbng d\u1eabn t\u00ecm l\u1ed7i sai (\u75c5\u53e5) \u0111\u01b0\u1ee3c tr\u00ecnh b\u00e0y c\u1ef1c k\u1ef3 logic, gi\u00fap b\u1ea1n c\u00f3 &#8220;m\u1eaft nh\u00ecn&#8221; \u0111\u1ec3 ph\u00e1t hi\u1ec7n ra c\u00e1c l\u1ed7i v\u1ec1 logic, tr\u1eadt t\u1ef1 t\u1eeb ho\u1eb7c d\u00f9ng t\u1eeb sai lo\u1ea1i.<\/span><\/li>\n<li class=\"dF3vjf\" data-sfc-root=\"c\" data-sfc-cb=\"\" data-hveid=\"CAEICBAC\" data-complete=\"true\" data-sae=\"\"><span class=\"T286Pc\" data-sfc-cp=\"\" data-sfc-root=\"c\" data-sfc-cb=\"\" data-complete=\"true\"><strong class=\"Yjhzub\" data-sfc-root=\"c\" data-sfc-cb=\"\" data-complete=\"true\">L\u01b0\u1ee3ng b\u00e0i t\u1eadp phong ph\u00fa:<\/strong>\u00a0Sau m\u1ed7i \u0111i\u1ec3m ng\u1eef ph\u00e1p \u0111\u1ec1u c\u00f3 b\u00e0i t\u1eadp \u00e1p d\u1ee5ng ngay l\u1eadp t\u1ee9c, gi\u00fap ghi nh\u1edb s\u00e2u.<\/span><\/li>\n<li class=\"dF3vjf\" data-sfc-root=\"c\" data-sfc-cb=\"\" data-hveid=\"CAEICBAD\" data-complete=\"true\" data-sae=\"\"><span class=\"T286Pc\" data-sfc-cp=\"\" data-sfc-root=\"c\" data-sfc-cb=\"\" data-complete=\"true\"><strong class=\"Yjhzub\" data-sfc-root=\"c\" data-sfc-cb=\"\" data-complete=\"true\">Ph\u00f9 h\u1ee3p t\u1ef1 h\u1ecdc:<\/strong>\u00a0C\u00e1c gi\u1ea3i th\u00edch r\u1ea5t r\u00f5 r\u00e0ng, \u0111i k\u00e8m v\u00ed d\u1ee5 minh h\u1ecda th\u1ef1c t\u1ebf t\u1eeb c\u00e1c \u0111\u1ec1 thi th\u1eadt nh\u1eefng n\u0103m tr\u01b0\u1edbc.<\/span><\/li>\n<\/ul>\n","protected":false},"excerpt":{"rendered":"<p>Tu\u1ea7n 1:\u00a0T\u1eadp trung v\u00e0o c\u00e1c lo\u1ea1i t\u1eeb (danh t\u1eeb, \u0111\u1ed9ng t\u1eeb, \u0111\u1ea1i t\u1eeb&#8230;) v\u00e0 c\u00e1c c\u1ea5u tr\u00fac c\u00e2u c\u01a1 b\u1ea3n [&hellip;]<\/p>\n","protected":false},"featured_media":481,"comment_status":"open","ping_status":"closed","template":"","meta":{"site-sidebar-layout":"default","site-content-layout":"","ast-site-content-layout":"default","site-content-style":"default","site-sidebar-style":"default","ast-global-header-display":"","ast-banner-title-visibility":"","ast-main-header-display":"","ast-hfb-above-header-display":"","ast-hfb-below-header-display":"","ast-hfb-mobile-header-display":"","site-post-title":"","ast-breadcrumbs-content":"","ast-featured-img":"","footer-sml-layout":"","ast-disable-related-posts":"","theme-transparent-header-meta":"","adv-header-id-meta":"","stick-header-meta":"","header-above-stick-meta":"","header-main-stick-meta":"","header-below-stick-meta":"","astra-migrate-meta-layouts":"default","ast-page-background-enabled":"default","ast-page-background-meta":{"desktop":{"background-color":"var(--ast-global-color-5)","background-image":"","background-repeat":"repeat","background-position":"center center","background-size":"auto","background-attachment":"scroll","background-type":"","background-media":"","overlay-type":"","overlay-color":"","overlay-opacity":"","overlay-gradient":""},"tablet":{"background-color":"","background-image":"","background-repeat":"repeat","background-position":"center center","background-size":"auto","background-attachment":"scroll","background-type":"","background-media":"","overlay-type":"","overlay-color":"","overlay-opacity":"","overlay-gradient":""},"mobile":{"background-color":"","background-image":"","background-repeat":"repeat","background-position":"center center","background-size":"auto","background-attachment":"scroll","background-type":"","background-media":"","overlay-type":"","overlay-color":"","overlay-opacity":"","overlay-gradient":""}},"ast-content-background-meta":{"desktop":{"background-color":"var(--ast-global-color-4)","background-image":"","background-repeat":"repeat","background-position":"center center","background-size":"auto","background-attachment":"scroll","background-type":"","background-media":"","overlay-type":"","overlay-color":"","overlay-opacity":"","overlay-gradient":""},"tablet":{"background-color":"var(--ast-global-color-4)","background-image":"","background-repeat":"repeat","background-position":"center center","background-size":"auto","background-attachment":"scroll","background-type":"","background-media":"","overlay-type":"","overlay-color":"","overlay-opacity":"","overlay-gradient":""},"mobile":{"background-color":"var(--ast-global-color-4)","background-image":"","background-repeat":"repeat","background-position":"center center","background-size":"auto","background-attachment":"scroll","background-type":"","background-media":"","overlay-type":"","overlay-color":"","overlay-opacity":"","overlay-gradient":""}}},"product_brand":[],"product_cat":[25],"product_tag":[],"class_list":{"0":"post-480","1":"product","2":"type-product","3":"status-publish","4":"has-post-thumbnail","6":"product_cat-sach-tieng-trung","7":"desktop-align-left","8":"tablet-align-left","9":"mobile-align-left","11":"first","12":"instock","13":"sale","14":"taxable","15":"shipping-taxable","16":"purchasable","17":"product-type-simple"},"_links":{"self":[{"href":"https:\/\/lulabookstore.com\/index.php\/wp-json\/wp\/v2\/product\/480","targetHints":{"allow":["GET"]}}],"collection":[{"href":"https:\/\/lulabookstore.com\/index.php\/wp-json\/wp\/v2\/product"}],"about":[{"href":"https:\/\/lulabookstore.com\/index.php\/wp-json\/wp\/v2\/types\/product"}],"replies":[{"embeddable":true,"href":"https:\/\/lulabookstore.com\/index.php\/wp-json\/wp\/v2\/comments?post=480"}],"wp:featuredmedia":[{"embeddable":true,"href":"https:\/\/lulabookstore.com\/index.php\/wp-json\/wp\/v2\/media\/481"}],"wp:attachment":[{"href":"https:\/\/lulabookstore.com\/index.php\/wp-json\/wp\/v2\/media?parent=480"}],"wp:term":[{"taxonomy":"product_brand","embeddable":true,"href":"https:\/\/lulabookstore.com\/index.php\/wp-json\/wp\/v2\/product_brand?post=480"},{"taxonomy":"product_cat","embeddable":true,"href":"https:\/\/lulabookstore.com\/index.php\/wp-json\/wp\/v2\/product_cat?post=480"},{"taxonomy":"product_tag","embeddable":true,"href":"https:\/\/lulabookstore.com\/index.php\/wp-json\/wp\/v2\/product_tag?post=480"}],"curies":[{"name":"wp","href":"https:\/\/api.w.org\/{rel}","templated":true}]}}