{"id":460,"date":"2026-03-22T11:11:32","date_gmt":"2026-03-22T11:11:32","guid":{"rendered":"https:\/\/lulabookstore.com\/?post_type=product&#038;p=460"},"modified":"2026-03-22T11:11:32","modified_gmt":"2026-03-22T11:11:32","slug":"sach-bo-de-luyen-thi-cap-toc-hsk-3-hsk-4-hsk-5-hsk-6","status":"publish","type":"product","link":"https:\/\/lulabookstore.com\/index.php\/san-pham\/sach-bo-de-luyen-thi-cap-toc-hsk-3-hsk-4-hsk-5-hsk-6\/","title":{"rendered":"S\u00e1ch B\u1ed9 \u0110\u1ec1 Luy\u1ec7n Thi C\u1ea5p T\u1ed1c HSK 3 &#8211; HSK 4 &#8211; HSK 5 &#8211; HSK 6"},"content":{"rendered":"<ul class=\"KsbFXc U6u95\" data-sfc-root=\"c\" data-sfc-cb=\"\" data-complete=\"true\" data-processed=\"true\">\n<li class=\"dF3vjf\" data-sfc-root=\"c\" data-sfc-cb=\"\" data-hveid=\"CAEIBhAA\" data-complete=\"true\" data-sae=\"\"><span class=\"T286Pc\" data-sfc-cp=\"\" data-sfc-root=\"c\" data-sfc-cb=\"\" data-complete=\"true\"><strong class=\"Yjhzub\" data-sfc-root=\"c\" data-sfc-cb=\"\" data-complete=\"true\">Ph\u00e2n t\u00edch \u0111\u1ec1 thi:<\/strong>\u00a0Gi\u1edbi thi\u1ec7u c\u1ea5u tr\u00fac b\u00e0i thi HSK c\u00e1c c\u1ea5p (t\u1eeb 3 \u0111\u1ebfn 6) m\u1ed9t c\u00e1ch chi ti\u1ebft nh\u1ea5t.<\/span><\/li>\n<li class=\"dF3vjf\" data-sfc-root=\"c\" data-sfc-cb=\"\" data-hveid=\"CAEIBhAB\" data-complete=\"true\" data-sae=\"\"><span class=\"T286Pc\" data-sfc-cp=\"\" data-sfc-root=\"c\" data-sfc-cb=\"\" data-complete=\"true\"><strong class=\"Yjhzub\" data-sfc-root=\"c\" data-sfc-cb=\"\" data-complete=\"true\">Chi\u1ebfn thu\u1eadt l\u00e0m b\u00e0i:<\/strong>\u00a0Cung c\u1ea5p c\u00e1c &#8220;m\u1eb9o&#8221; v\u00e0 ph\u01b0\u01a1ng ph\u00e1p gi\u1ea3i \u0111\u1ec1 cho t\u1eebng ph\u1ea7n Nghe, \u0110\u1ecdc, Vi\u1ebft.<\/span><\/li>\n<li class=\"dF3vjf\" data-sfc-root=\"c\" data-sfc-cb=\"\" data-hveid=\"CAEIBhAC\" data-complete=\"true\" data-sae=\"\"><span class=\"T286Pc\" data-sfc-cp=\"\" data-sfc-root=\"c\" data-sfc-cb=\"\" data-complete=\"true\"><strong class=\"Yjhzub\" data-sfc-root=\"c\" data-sfc-cb=\"\" data-complete=\"true\">T\u1ed5ng h\u1ee3p t\u1eeb v\u1ef1ng v\u00e0 ng\u1eef ph\u00e1p:<\/strong>\u00a0H\u1ec7 th\u1ed1ng l\u1ea1i c\u00e1c \u0111i\u1ec3m ki\u1ebfn th\u1ee9c hay xu\u1ea5t hi\u1ec7n trong \u0111\u1ec1 thi th\u1eadt.<\/span><\/li>\n<li class=\"dF3vjf\" data-sfc-root=\"c\" data-sfc-cb=\"\" data-hveid=\"CAEIBhAD\" data-complete=\"true\" data-sae=\"\"><span class=\"T286Pc\" data-sfc-cp=\"\" data-sfc-root=\"c\" data-sfc-cb=\"\" data-complete=\"true\"><strong class=\"Yjhzub\" data-sfc-root=\"c\" data-sfc-cb=\"\" data-complete=\"true\">Luy\u1ec7n t\u1eadp th\u1ef1c t\u1ebf:<\/strong>\u00a0Bao g\u1ed3m nhi\u1ec1u b\u00e0i t\u1eadp nh\u1ecf theo t\u1eebng d\u1ea1ng c\u00e2u h\u1ecfi v\u00e0 c\u00e1c \u0111\u1ec1 thi m\u00f4 ph\u1ecfng ho\u00e0n ch\u1ec9nh.<\/span><button class=\"rBl3me\" tabindex=\"0\" data-amic=\"true\" data-icl-uuid=\"2f30d88a-cad9-4375-9967-64302910ef48\" aria-label=\"Xem c\u00e1c \u0111\u01b0\u1eddng li\u00ean k\u1ebft c\u00f3 li\u00ean quan\" data-wiz-attrbind=\"disabled=Q1TOHb_1e\/C5gNJc;aria-label=Q1TOHb_1e\/bOjMyf;class=Q1TOHb_1e\/UpSNec\" data-ved=\"2ahUKEwiAiOTyrbOTAxWJr1YBHXgwOTsQye0OegYIAQgGEAQ\" data-hveid=\"CAEIBhAE\"><\/button><\/li>\n<li class=\"dF3vjf\" data-sfc-root=\"c\" data-sfc-cb=\"\" data-hveid=\"CAEICBAA\" data-complete=\"true\" data-sae=\"\"><span class=\"T286Pc\" data-sfc-cp=\"\" data-sfc-root=\"c\" data-sfc-cb=\"\" data-complete=\"true\"><strong class=\"Yjhzub\" data-sfc-root=\"c\" data-sfc-cb=\"\" data-complete=\"true\">T\u00ednh th\u1ef1c chi\u1ebfn cao:<\/strong>\u00a0S\u00e1ch gi\u00fap b\u1ea1n l\u00e0m quen v\u1edbi \u00e1p l\u1ef1c ph\u00f2ng thi v\u00e0 c\u00e1ch t\u01b0 duy \u0111\u1ec3 ch\u1ecdn \u0111\u00e1p \u00e1n \u0111\u00fang nhanh nh\u1ea5t.<\/span><\/li>\n<li class=\"dF3vjf\" data-sfc-root=\"c\" data-sfc-cb=\"\" data-hveid=\"CAEICBAB\" data-complete=\"true\" data-sae=\"\"><span class=\"T286Pc\" data-sfc-cp=\"\" data-sfc-root=\"c\" data-sfc-cb=\"\" data-complete=\"true\"><strong class=\"Yjhzub\" data-sfc-root=\"c\" data-sfc-cb=\"\" data-complete=\"true\">L\u1ed9 tr\u00ecnh r\u00f5 r\u00e0ng:<\/strong>\u00a0\u0110\u01b0\u1ee3c thi\u1ebft k\u1ebf \u0111\u1ec3 h\u1ecdc trong kho\u1ea3ng\u00a0<strong class=\"Yjhzub\" data-sfc-root=\"c\" data-sfc-cb=\"\" data-complete=\"true\">2-4 tu\u1ea7n<\/strong>, r\u1ea5t ph\u00f9 h\u1ee3p cho nh\u1eefng ai \u0111ang \u1edf giai \u0111o\u1ea1n &#8220;n\u01b0\u1edbc r\u00fat&#8221;.<\/span><\/li>\n<li class=\"dF3vjf\" data-sfc-root=\"c\" data-sfc-cb=\"\" data-hveid=\"CAEICBAD\" data-complete=\"true\" data-sae=\"\"><span class=\"T286Pc\" data-sfc-cp=\"\" data-sfc-root=\"c\" data-sfc-cb=\"\" data-complete=\"true\"><strong class=\"Yjhzub\" data-sfc-root=\"c\" data-sfc-cb=\"\" data-complete=\"true\">\u0110\u1ed9 kh\u00f3:<\/strong>\u00a0\u0110\u1ec1 thi trong s\u00e1ch th\u01b0\u1eddng c\u00f3 \u0111\u1ed9 kh\u00f3\u00a0<strong class=\"Yjhzub\" data-sfc-root=\"c\" data-sfc-cb=\"\" data-complete=\"true\">t\u01b0\u01a1ng \u0111\u01b0\u01a1ng ho\u1eb7c nh\u1ec9nh h\u01a1n \u0111\u1ec1 thi th\u1eadt m\u1ed9t ch\u00fat<\/strong>, gi\u00fap b\u1ea1n t\u1ef1 tin h\u01a1n khi \u0111i thi.<\/span><\/li>\n<\/ul>\n","protected":false},"excerpt":{"rendered":"<p>Ph\u00e2n t\u00edch \u0111\u1ec1 thi:\u00a0Gi\u1edbi thi\u1ec7u c\u1ea5u tr\u00fac b\u00e0i thi HSK c\u00e1c c\u1ea5p (t\u1eeb 3 \u0111\u1ebfn 6) m\u1ed9t c\u00e1ch chi ti\u1ebft [&hellip;]<\/p>\n","protected":false},"featured_media":461,"comment_status":"open","ping_status":"closed","template":"","meta":{"site-sidebar-layout":"default","site-content-layout":"","ast-site-content-layout":"default","site-content-style":"default","site-sidebar-style":"default","ast-global-header-display":"","ast-banner-title-visibility":"","ast-main-header-display":"","ast-hfb-above-header-display":"","ast-hfb-below-header-display":"","ast-hfb-mobile-header-display":"","site-post-title":"","ast-breadcrumbs-content":"","ast-featured-img":"","footer-sml-layout":"","ast-disable-related-posts":"","theme-transparent-header-meta":"","adv-header-id-meta":"","stick-header-meta":"","header-above-stick-meta":"","header-main-stick-meta":"","header-below-stick-meta":"","astra-migrate-meta-layouts":"default","ast-page-background-enabled":"default","ast-page-background-meta":{"desktop":{"background-color":"var(--ast-global-color-5)","background-image":"","background-repeat":"repeat","background-position":"center center","background-size":"auto","background-attachment":"scroll","background-type":"","background-media":"","overlay-type":"","overlay-color":"","overlay-opacity":"","overlay-gradient":""},"tablet":{"background-color":"","background-image":"","background-repeat":"repeat","background-position":"center center","background-size":"auto","background-attachment":"scroll","background-type":"","background-media":"","overlay-type":"","overlay-color":"","overlay-opacity":"","overlay-gradient":""},"mobile":{"background-color":"","background-image":"","background-repeat":"repeat","background-position":"center center","background-size":"auto","background-attachment":"scroll","background-type":"","background-media":"","overlay-type":"","overlay-color":"","overlay-opacity":"","overlay-gradient":""}},"ast-content-background-meta":{"desktop":{"background-color":"var(--ast-global-color-4)","background-image":"","background-repeat":"repeat","background-position":"center center","background-size":"auto","background-attachment":"scroll","background-type":"","background-media":"","overlay-type":"","overlay-color":"","overlay-opacity":"","overlay-gradient":""},"tablet":{"background-color":"var(--ast-global-color-4)","background-image":"","background-repeat":"repeat","background-position":"center center","background-size":"auto","background-attachment":"scroll","background-type":"","background-media":"","overlay-type":"","overlay-color":"","overlay-opacity":"","overlay-gradient":""},"mobile":{"background-color":"var(--ast-global-color-4)","background-image":"","background-repeat":"repeat","background-position":"center center","background-size":"auto","background-attachment":"scroll","background-type":"","background-media":"","overlay-type":"","overlay-color":"","overlay-opacity":"","overlay-gradient":""}}},"product_brand":[],"product_cat":[25],"product_tag":[],"class_list":{"0":"post-460","1":"product","2":"type-product","3":"status-publish","4":"has-post-thumbnail","6":"product_cat-sach-tieng-trung","7":"desktop-align-left","8":"tablet-align-left","9":"mobile-align-left","11":"first","12":"instock","13":"sale","14":"taxable","15":"shipping-taxable","16":"purchasable","17":"product-type-variable"},"_links":{"self":[{"href":"https:\/\/lulabookstore.com\/index.php\/wp-json\/wp\/v2\/product\/460","targetHints":{"allow":["GET"]}}],"collection":[{"href":"https:\/\/lulabookstore.com\/index.php\/wp-json\/wp\/v2\/product"}],"about":[{"href":"https:\/\/lulabookstore.com\/index.php\/wp-json\/wp\/v2\/types\/product"}],"replies":[{"embeddable":true,"href":"https:\/\/lulabookstore.com\/index.php\/wp-json\/wp\/v2\/comments?post=460"}],"wp:featuredmedia":[{"embeddable":true,"href":"https:\/\/lulabookstore.com\/index.php\/wp-json\/wp\/v2\/media\/461"}],"wp:attachment":[{"href":"https:\/\/lulabookstore.com\/index.php\/wp-json\/wp\/v2\/media?parent=460"}],"wp:term":[{"taxonomy":"product_brand","embeddable":true,"href":"https:\/\/lulabookstore.com\/index.php\/wp-json\/wp\/v2\/product_brand?post=460"},{"taxonomy":"product_cat","embeddable":true,"href":"https:\/\/lulabookstore.com\/index.php\/wp-json\/wp\/v2\/product_cat?post=460"},{"taxonomy":"product_tag","embeddable":true,"href":"https:\/\/lulabookstore.com\/index.php\/wp-json\/wp\/v2\/product_tag?post=460"}],"curies":[{"name":"wp","href":"https:\/\/api.w.org\/{rel}","templated":true}]}}