{"id":359,"date":"2026-03-20T19:50:34","date_gmt":"2026-03-20T19:50:34","guid":{"rendered":"https:\/\/lulabookstore.com\/?post_type=product&#038;p=359"},"modified":"2026-03-22T10:46:43","modified_gmt":"2026-03-22T10:46:43","slug":"sach-phan-tich-chuyen-sau-de-thi-hsk-1-hsk-2-hsk-3-hsk-4-hsk-5-hsk-6","status":"publish","type":"product","link":"https:\/\/lulabookstore.com\/index.php\/san-pham\/sach-phan-tich-chuyen-sau-de-thi-hsk-1-hsk-2-hsk-3-hsk-4-hsk-5-hsk-6\/","title":{"rendered":"S\u00e1ch Ph\u00e2n T\u00edch Chuy\u00ean S\u00e2u \u0110\u1ec1 Thi HSK 1 HSK 2 HSK 3 HSK 4 HSK 5 HSK 6"},"content":{"rendered":"<ul class=\"KsbFXc U6u95\" data-sfc-root=\"c\" data-sfc-cb=\"\" data-complete=\"true\" data-processed=\"true\">\n<li class=\"dF3vjf\" data-sfc-root=\"c\" data-sfc-cb=\"\" data-hveid=\"CAEIBhAA\" data-complete=\"true\" data-sae=\"\"><span class=\"T286Pc\" data-sfc-cp=\"\" data-sfc-root=\"c\" data-sfc-cb=\"\" data-complete=\"true\"><strong class=\"Yjhzub\" data-sfc-root=\"c\" data-sfc-cb=\"\" data-complete=\"true\">Ph\u00e2n t\u00edch \u0111\u1ec1 thi:<\/strong>\u00a0Gi\u1edbi thi\u1ec7u chi ti\u1ebft c\u1ea5u tr\u00fac, th\u1eddi gian v\u00e0 c\u00e1c d\u1ea1ng c\u00e2u h\u1ecfi c\u1ee7a t\u1eebng c\u1ea5p \u0111\u1ed9.<\/span><\/li>\n<li class=\"dF3vjf\" data-sfc-root=\"c\" data-sfc-cb=\"\" data-hveid=\"CAEIBhAB\" data-complete=\"true\" data-sae=\"\"><span class=\"T286Pc\" data-sfc-cp=\"\" data-sfc-root=\"c\" data-sfc-cb=\"\" data-complete=\"true\"><strong class=\"Yjhzub\" data-sfc-root=\"c\" data-sfc-cb=\"\" data-complete=\"true\">Chi\u1ebfn thu\u1eadt l\u00e0m b\u00e0i:<\/strong>\u00a0H\u01b0\u1edbng d\u1eabn c\u00e1c m\u1eb9o x\u1eed l\u00fd nhanh t\u1eebng ph\u1ea7n thi (Nghe, \u0110\u1ecdc, Vi\u1ebft) \u0111\u1ec3 t\u1ed1i \u01b0u h\u00f3a th\u1eddi gian.<\/span><\/li>\n<li class=\"dF3vjf\" data-sfc-root=\"c\" data-sfc-cb=\"\" data-hveid=\"CAEIBhAC\" data-complete=\"true\" data-sae=\"\"><span class=\"T286Pc\" data-sfc-cp=\"\" data-sfc-root=\"c\" data-sfc-cb=\"\" data-complete=\"true\"><strong class=\"Yjhzub\" data-sfc-root=\"c\" data-sfc-cb=\"\" data-complete=\"true\">H\u1ec7 th\u1ed1ng ki\u1ebfn th\u1ee9c:<\/strong>\u00a0T\u1ed5ng h\u1ee3p t\u1eeb v\u1ef1ng, ng\u1eef ph\u00e1p tr\u1ecdng t\u00e2m v\u00e0 c\u00e1c \u0111i\u1ec3m d\u1ec5 g\u00e2y nh\u1ea7m l\u1eabn theo khung ti\u00eau chu\u1ea9n c\u1ee7a Hanban.<\/span><\/li>\n<li class=\"dF3vjf\" data-sfc-root=\"c\" data-sfc-cb=\"\" data-hveid=\"CAEIBhAD\" data-complete=\"true\" data-sae=\"\"><span class=\"T286Pc\" data-sfc-cp=\"\" data-sfc-root=\"c\" data-sfc-cb=\"\" data-complete=\"true\"><strong class=\"Yjhzub\" data-sfc-root=\"c\" data-sfc-cb=\"\" data-complete=\"true\">Luy\u1ec7n t\u1eadp th\u1ef1c t\u1ebf:<\/strong>\u00a0Bao g\u1ed3m c\u00e1c b\u00e0i t\u1eadp m\u00f4 ph\u1ecfng s\u00e1t v\u1edbi \u0111\u1ec1 thi th\u1eadt v\u00e0 c\u00e1c b\u1ed9 \u0111\u1ec1 thi th\u1eed ho\u00e0n ch\u1ec9nh \u1edf cu\u1ed1i s\u00e1ch.<\/span><\/li>\n<\/ul>\n","protected":false},"excerpt":{"rendered":"<p>Ph\u00e2n t\u00edch \u0111\u1ec1 thi:\u00a0Gi\u1edbi thi\u1ec7u chi ti\u1ebft c\u1ea5u tr\u00fac, th\u1eddi gian v\u00e0 c\u00e1c d\u1ea1ng c\u00e2u h\u1ecfi c\u1ee7a t\u1eebng c\u1ea5p \u0111\u1ed9. [&hellip;]<\/p>\n","protected":false},"featured_media":360,"comment_status":"open","ping_status":"closed","template":"","meta":{"site-sidebar-layout":"default","site-content-layout":"","ast-site-content-layout":"default","site-content-style":"default","site-sidebar-style":"default","ast-global-header-display":"","ast-banner-title-visibility":"","ast-main-header-display":"","ast-hfb-above-header-display":"","ast-hfb-below-header-display":"","ast-hfb-mobile-header-display":"","site-post-title":"","ast-breadcrumbs-content":"","ast-featured-img":"","footer-sml-layout":"","ast-disable-related-posts":"","theme-transparent-header-meta":"","adv-header-id-meta":"","stick-header-meta":"","header-above-stick-meta":"","header-main-stick-meta":"","header-below-stick-meta":"","astra-migrate-meta-layouts":"default","ast-page-background-enabled":"default","ast-page-background-meta":{"desktop":{"background-color":"var(--ast-global-color-5)","background-image":"","background-repeat":"repeat","background-position":"center center","background-size":"auto","background-attachment":"scroll","background-type":"","background-media":"","overlay-type":"","overlay-color":"","overlay-opacity":"","overlay-gradient":""},"tablet":{"background-color":"","background-image":"","background-repeat":"repeat","background-position":"center center","background-size":"auto","background-attachment":"scroll","background-type":"","background-media":"","overlay-type":"","overlay-color":"","overlay-opacity":"","overlay-gradient":""},"mobile":{"background-color":"","background-image":"","background-repeat":"repeat","background-position":"center center","background-size":"auto","background-attachment":"scroll","background-type":"","background-media":"","overlay-type":"","overlay-color":"","overlay-opacity":"","overlay-gradient":""}},"ast-content-background-meta":{"desktop":{"background-color":"var(--ast-global-color-4)","background-image":"","background-repeat":"repeat","background-position":"center center","background-size":"auto","background-attachment":"scroll","background-type":"","background-media":"","overlay-type":"","overlay-color":"","overlay-opacity":"","overlay-gradient":""},"tablet":{"background-color":"var(--ast-global-color-4)","background-image":"","background-repeat":"repeat","background-position":"center center","background-size":"auto","background-attachment":"scroll","background-type":"","background-media":"","overlay-type":"","overlay-color":"","overlay-opacity":"","overlay-gradient":""},"mobile":{"background-color":"var(--ast-global-color-4)","background-image":"","background-repeat":"repeat","background-position":"center center","background-size":"auto","background-attachment":"scroll","background-type":"","background-media":"","overlay-type":"","overlay-color":"","overlay-opacity":"","overlay-gradient":""}}},"product_brand":[],"product_cat":[25],"product_tag":[],"class_list":{"0":"post-359","1":"product","2":"type-product","3":"status-publish","4":"has-post-thumbnail","6":"product_cat-sach-tieng-trung","7":"desktop-align-left","8":"tablet-align-left","9":"mobile-align-left","11":"first","12":"instock","13":"sale","14":"taxable","15":"shipping-taxable","16":"purchasable","17":"product-type-variable"},"_links":{"self":[{"href":"https:\/\/lulabookstore.com\/index.php\/wp-json\/wp\/v2\/product\/359","targetHints":{"allow":["GET"]}}],"collection":[{"href":"https:\/\/lulabookstore.com\/index.php\/wp-json\/wp\/v2\/product"}],"about":[{"href":"https:\/\/lulabookstore.com\/index.php\/wp-json\/wp\/v2\/types\/product"}],"replies":[{"embeddable":true,"href":"https:\/\/lulabookstore.com\/index.php\/wp-json\/wp\/v2\/comments?post=359"}],"wp:featuredmedia":[{"embeddable":true,"href":"https:\/\/lulabookstore.com\/index.php\/wp-json\/wp\/v2\/media\/360"}],"wp:attachment":[{"href":"https:\/\/lulabookstore.com\/index.php\/wp-json\/wp\/v2\/media?parent=359"}],"wp:term":[{"taxonomy":"product_brand","embeddable":true,"href":"https:\/\/lulabookstore.com\/index.php\/wp-json\/wp\/v2\/product_brand?post=359"},{"taxonomy":"product_cat","embeddable":true,"href":"https:\/\/lulabookstore.com\/index.php\/wp-json\/wp\/v2\/product_cat?post=359"},{"taxonomy":"product_tag","embeddable":true,"href":"https:\/\/lulabookstore.com\/index.php\/wp-json\/wp\/v2\/product_tag?post=359"}],"curies":[{"name":"wp","href":"https:\/\/api.w.org\/{rel}","templated":true}]}}