{"id":291,"date":"2026-03-20T15:06:52","date_gmt":"2026-03-20T15:06:52","guid":{"rendered":"https:\/\/lulabookstore.com\/?post_type=product&#038;p=291"},"modified":"2026-03-22T10:53:04","modified_gmt":"2026-03-22T10:53:04","slug":"sach-chien-luoc-luyen-thi-hsk-4-hsk-5-hsk-6-ban-moi-nhat-3-ky-nang-nghe-doc-viet","status":"publish","type":"product","link":"https:\/\/lulabookstore.com\/index.php\/san-pham\/sach-chien-luoc-luyen-thi-hsk-4-hsk-5-hsk-6-ban-moi-nhat-3-ky-nang-nghe-doc-viet\/","title":{"rendered":"S\u00e1ch Chi\u1ebfn L\u01b0\u1ee3c Luy\u1ec7n Thi HSK 4 &#8211; HSK 5 &#8211; HSK 6 B\u1ea3n M\u1edbi Nh\u1ea5t 3 K\u1ef9 N\u0103ng Nghe, \u0110\u1ecdc, Vi\u1ebft"},"content":{"rendered":"<ul class=\"KsbFXc U6u95\" data-sfc-root=\"c\" data-sfc-cb=\"\" data-complete=\"true\" data-processed=\"true\">\n<li class=\"dF3vjf\" data-sfc-root=\"c\" data-sfc-cb=\"\" data-hveid=\"CAEICBAA\" data-complete=\"true\" data-sae=\"\"><span class=\"T286Pc\" data-sfc-cp=\"\" data-sfc-root=\"c\" data-sfc-cb=\"\" data-complete=\"true\"><strong class=\"Yjhzub\" data-sfc-root=\"c\" data-sfc-cb=\"\" data-complete=\"true\">HSK 4 (Cu\u1ed1n m\u00e0u cam):<\/strong>\u00a0T\u1eadp trung v\u00e0o k\u1ef9 n\u0103ng\u00a0<strong class=\"Yjhzub\" data-sfc-root=\"c\" data-sfc-cb=\"\" data-complete=\"true\">\u0110\u1ecdc v\u00e0 Vi\u1ebft<\/strong>. Cu\u1ed1n n\u00e0y gi\u00fap ng\u01b0\u1eddi h\u1ecdc l\u00e0m quen v\u1edbi c\u00e1c d\u1ea1ng b\u00e0i thi th\u1ef1c t\u1ebf, cung c\u1ea5p v\u00ed d\u1ee5 v\u00e0 chi\u1ebfn l\u01b0\u1ee3c c\u1ee5 th\u1ec3 \u0111\u1ec3 c\u1ea3i thi\u1ec7n \u0111i\u1ec3m s\u1ed1 trong th\u1eddi gian ng\u1eafn.<\/span><\/li>\n<li class=\"dF3vjf\" data-sfc-root=\"c\" data-sfc-cb=\"\" data-hveid=\"CAEICBAB\" data-complete=\"true\" data-sae=\"\"><span class=\"T286Pc\" data-sfc-cp=\"\" data-sfc-root=\"c\" data-sfc-cb=\"\" data-complete=\"true\"><strong class=\"Yjhzub\" data-sfc-root=\"c\" data-sfc-cb=\"\" data-complete=\"true\">HSK 5 (Cu\u1ed1n m\u00e0u xanh l\u00e1):<\/strong>\u00a0Trong \u1ea3nh l\u00e0 cu\u1ed1n chuy\u00ean v\u1ec1\u00a0<strong class=\"Yjhzub\" data-sfc-root=\"c\" data-sfc-cb=\"\" data-complete=\"true\">Nghe (\u542c\u529b)<\/strong>. S\u00e1ch ph\u00e2n t\u00edch c\u00e1c b\u1eaby th\u01b0\u1eddng g\u1eb7p trong ph\u1ea7n nghe v\u00e0 cung c\u1ea5p h\u1ec7 th\u1ed1ng b\u00e0i t\u1eadp phong ph\u00fa.<\/span><\/li>\n<li class=\"dF3vjf\" data-sfc-root=\"c\" data-sfc-cb=\"\" data-hveid=\"CAEICBAC\" data-complete=\"true\" data-sae=\"\"><span class=\"T286Pc\" data-sfc-cp=\"\" data-sfc-root=\"c\" data-sfc-cb=\"\" data-complete=\"true\"><strong class=\"Yjhzub\" data-sfc-root=\"c\" data-sfc-cb=\"\" data-complete=\"true\">HSK 6 (Cu\u1ed1n m\u00e0u xanh d\u01b0\u01a1ng):<\/strong>\u00a0Chuy\u00ean s\u00e2u v\u1ec1 k\u1ef9 n\u0103ng\u00a0<strong class=\"Yjhzub\" data-sfc-root=\"c\" data-sfc-cb=\"\" data-complete=\"true\">\u0110\u1ecdc (\u9605\u8bfb)<\/strong>. \u0110\u00e2y l\u00e0 c\u1ea5p \u0111\u1ed9 cao nh\u1ea5t, s\u00e1ch t\u1eadp trung v\u00e0o vi\u1ec7c ph\u00e2n t\u00edch c\u00e1c \u0111o\u1ea1n v\u0103n d\u00e0i, t\u1eeb v\u1ef1ng kh\u00f3 v\u00e0 c\u00e1c c\u1ea5u tr\u00fac ng\u1eef ph\u00e1p ph\u1ee9c t\u1ea1p.<\/span><\/li>\n<\/ul>\n<p>&nbsp;<\/p>\n","protected":false},"excerpt":{"rendered":"<p>HSK 4 (Cu\u1ed1n m\u00e0u cam):\u00a0T\u1eadp trung v\u00e0o k\u1ef9 n\u0103ng\u00a0\u0110\u1ecdc v\u00e0 Vi\u1ebft. Cu\u1ed1n n\u00e0y gi\u00fap ng\u01b0\u1eddi h\u1ecdc l\u00e0m quen v\u1edbi c\u00e1c [&hellip;]<\/p>\n","protected":false},"featured_media":292,"comment_status":"open","ping_status":"closed","template":"","meta":{"site-sidebar-layout":"default","site-content-layout":"","ast-site-content-layout":"default","site-content-style":"default","site-sidebar-style":"default","ast-global-header-display":"","ast-banner-title-visibility":"","ast-main-header-display":"","ast-hfb-above-header-display":"","ast-hfb-below-header-display":"","ast-hfb-mobile-header-display":"","site-post-title":"","ast-breadcrumbs-content":"","ast-featured-img":"","footer-sml-layout":"","ast-disable-related-posts":"","theme-transparent-header-meta":"","adv-header-id-meta":"","stick-header-meta":"","header-above-stick-meta":"","header-main-stick-meta":"","header-below-stick-meta":"","astra-migrate-meta-layouts":"default","ast-page-background-enabled":"default","ast-page-background-meta":{"desktop":{"background-color":"var(--ast-global-color-5)","background-image":"","background-repeat":"repeat","background-position":"center center","background-size":"auto","background-attachment":"scroll","background-type":"","background-media":"","overlay-type":"","overlay-color":"","overlay-opacity":"","overlay-gradient":""},"tablet":{"background-color":"","background-image":"","background-repeat":"repeat","background-position":"center center","background-size":"auto","background-attachment":"scroll","background-type":"","background-media":"","overlay-type":"","overlay-color":"","overlay-opacity":"","overlay-gradient":""},"mobile":{"background-color":"","background-image":"","background-repeat":"repeat","background-position":"center center","background-size":"auto","background-attachment":"scroll","background-type":"","background-media":"","overlay-type":"","overlay-color":"","overlay-opacity":"","overlay-gradient":""}},"ast-content-background-meta":{"desktop":{"background-color":"var(--ast-global-color-4)","background-image":"","background-repeat":"repeat","background-position":"center center","background-size":"auto","background-attachment":"scroll","background-type":"","background-media":"","overlay-type":"","overlay-color":"","overlay-opacity":"","overlay-gradient":""},"tablet":{"background-color":"var(--ast-global-color-4)","background-image":"","background-repeat":"repeat","background-position":"center center","background-size":"auto","background-attachment":"scroll","background-type":"","background-media":"","overlay-type":"","overlay-color":"","overlay-opacity":"","overlay-gradient":""},"mobile":{"background-color":"var(--ast-global-color-4)","background-image":"","background-repeat":"repeat","background-position":"center center","background-size":"auto","background-attachment":"scroll","background-type":"","background-media":"","overlay-type":"","overlay-color":"","overlay-opacity":"","overlay-gradient":""}}},"product_brand":[],"product_cat":[25],"product_tag":[],"class_list":{"0":"post-291","1":"product","2":"type-product","3":"status-publish","4":"has-post-thumbnail","6":"product_cat-sach-tieng-trung","7":"desktop-align-left","8":"tablet-align-left","9":"mobile-align-left","11":"first","12":"instock","13":"sale","14":"taxable","15":"shipping-taxable","16":"purchasable","17":"product-type-variable"},"_links":{"self":[{"href":"https:\/\/lulabookstore.com\/index.php\/wp-json\/wp\/v2\/product\/291","targetHints":{"allow":["GET"]}}],"collection":[{"href":"https:\/\/lulabookstore.com\/index.php\/wp-json\/wp\/v2\/product"}],"about":[{"href":"https:\/\/lulabookstore.com\/index.php\/wp-json\/wp\/v2\/types\/product"}],"replies":[{"embeddable":true,"href":"https:\/\/lulabookstore.com\/index.php\/wp-json\/wp\/v2\/comments?post=291"}],"wp:featuredmedia":[{"embeddable":true,"href":"https:\/\/lulabookstore.com\/index.php\/wp-json\/wp\/v2\/media\/292"}],"wp:attachment":[{"href":"https:\/\/lulabookstore.com\/index.php\/wp-json\/wp\/v2\/media?parent=291"}],"wp:term":[{"taxonomy":"product_brand","embeddable":true,"href":"https:\/\/lulabookstore.com\/index.php\/wp-json\/wp\/v2\/product_brand?post=291"},{"taxonomy":"product_cat","embeddable":true,"href":"https:\/\/lulabookstore.com\/index.php\/wp-json\/wp\/v2\/product_cat?post=291"},{"taxonomy":"product_tag","embeddable":true,"href":"https:\/\/lulabookstore.com\/index.php\/wp-json\/wp\/v2\/product_tag?post=291"}],"curies":[{"name":"wp","href":"https:\/\/api.w.org\/{rel}","templated":true}]}}