{"id":277,"date":"2026-03-20T12:09:29","date_gmt":"2026-03-20T12:09:29","guid":{"rendered":"https:\/\/lulabookstore.com\/?post_type=product&#038;p=277"},"modified":"2026-03-22T10:53:49","modified_gmt":"2026-03-22T10:53:49","slug":"sach-cambridge-academic-vocabulary-in-use","status":"publish","type":"product","link":"https:\/\/lulabookstore.com\/index.php\/san-pham\/sach-cambridge-academic-vocabulary-in-use\/","title":{"rendered":"S\u00e1ch &#8211; Cambridge Academic Vocabulary In Use"},"content":{"rendered":"<p>S\u00e1ch &#8211; Cambridge Academic Vocabulary In Use<\/p>\n<p>S\u00e1ch Academic Vocabulary In Use ph\u00f9 h\u1ee3p v\u1edbi h\u1ecdc vi\u00ean c\u00f3 tr\u00ecnh \u0111\u1ed9 t\u1eeb band 4.0 IELTS tr\u1edf l\u00ean.<\/p>\n<p>S\u00e1ch gi\u00fap h\u1ecdc vi\u00ean c\u1ea3i thi\u1ec7n \u0111i\u1ec3m s\u1ed1 b\u00e0i thi Vi\u1ebft IELTS \u1edf ti\u00eau ch\u00ed Lexical Resource (t\u1eeb v\u1ef1ng), kh\u00eda c\u1ea1nh s\u1eed d\u1ee5ng t\u1eeb v\u1ef1ng \u00edt ph\u1ed5 bi\u1ebfn (less common words).<\/p>\n<p>S\u00e1ch h\u01b0\u1edbng \u0111\u1ebfn m\u1edf r\u1ed9ng v\u00e0 n\u00e2ng cao v\u1ed1n t\u1eeb v\u1ef1ng h\u1ecdc thu\u1eadt th\u00f4ng qua c\u00e1c b\u00e0i h\u1ecdc l\u00fd thuy\u1ebft v\u00e0 b\u00e0i t\u1eadp th\u1ef1c h\u00e0nh theo ch\u1ee9c n\u0103ng c\u1ee7a t\u1eeb v\u00e0 c\u1ee5m t\u1eeb. Cu\u1ed1i s\u00e1ch c\u00f3 c\u00e1c b\u00e0i ki\u1ec3m tra v\u1edbi v\u0103n b\u1ea3n h\u1ecdc thu\u1eadt trong nhi\u1ec1u ng\u1eef c\u1ea3nh \u0111a d\u1ea1ng gi\u00fap ng\u01b0\u1eddi \u0111\u1ecdc \u00f4n t\u1eadp hi\u1ec7u qu\u1ea3.<\/p>\n<p>S\u00e1ch ph\u00f9 h\u1ee3p v\u1edbi ng\u01b0\u1eddi \u0111ang \u00f4n luy\u1ec7n cho k\u1ef3 thi IELTS b\u1edfi t\u00ednh h\u1ecdc thu\u1eadt c\u1ee7a k\u1ef3 thi n\u00e0y \u0111\u00f2i h\u1ecfi th\u00ed sinh s\u1eed d\u1ee5ng t\u1eeb v\u1ef1ng h\u1ecdc thu\u1eadt.<\/p>\n<p>S\u00e1ch ch\u00fa tr\u1ecdng \u0111\u1ebfn t\u00ednh \u1ee9ng d\u1ee5ng c\u1ee7a t\u1eeb v\u1ef1ng h\u1ecdc thu\u1eadt trong th\u1ef1c t\u1ebf thay v\u00ec nh\u1ed3i nh\u00e9t t\u1eeb v\u1edbi s\u1ed1 l\u01b0\u1ee3ng l\u1edbn.<\/p>\n<p>\u0110i\u1ec3m \u0111\u1eb7c bi\u1ec7t l\u00e0 s\u00e1ch cung c\u1ea5p t\u1eeb v\u1ef1ng h\u1ecdc thu\u1eadt ph\u1ee5c v\u1ee5 cho kh\u00f4ng ch\u1ec9 k\u1ef3 thi IELTS m\u00e0 c\u00f2n cho c\u1ea3 c\u00e1c ho\u1ea1t \u0111\u1ed9ng kh\u00e1c trong m\u00f4i tr\u01b0\u1eddng h\u1ecdc thu\u1eadt n\u00f3i chung (thuy\u1ebft tr\u00ecnh, h\u1ed9i ngh\u1ecb, vi\u1ebft lu\u1eadn,&#8230;), qua \u0111\u00f3 th\u1ec3 hi\u1ec7n t\u00ednh th\u1ef1c ti\u1ec5n cao.<\/p>\n","protected":false},"excerpt":{"rendered":"<p>S\u00e1ch &#8211; Cambridge Academic Vocabulary In Use S\u00e1ch Academic Vocabulary In Use ph\u00f9 h\u1ee3p v\u1edbi h\u1ecdc vi\u00ean c\u00f3 tr\u00ecnh \u0111\u1ed9 [&hellip;]<\/p>\n","protected":false},"featured_media":278,"comment_status":"open","ping_status":"closed","template":"","meta":{"site-sidebar-layout":"default","site-content-layout":"","ast-site-content-layout":"default","site-content-style":"default","site-sidebar-style":"default","ast-global-header-display":"","ast-banner-title-visibility":"","ast-main-header-display":"","ast-hfb-above-header-display":"","ast-hfb-below-header-display":"","ast-hfb-mobile-header-display":"","site-post-title":"","ast-breadcrumbs-content":"","ast-featured-img":"","footer-sml-layout":"","ast-disable-related-posts":"","theme-transparent-header-meta":"","adv-header-id-meta":"","stick-header-meta":"","header-above-stick-meta":"","header-main-stick-meta":"","header-below-stick-meta":"","astra-migrate-meta-layouts":"default","ast-page-background-enabled":"default","ast-page-background-meta":{"desktop":{"background-color":"var(--ast-global-color-5)","background-image":"","background-repeat":"repeat","background-position":"center center","background-size":"auto","background-attachment":"scroll","background-type":"","background-media":"","overlay-type":"","overlay-color":"","overlay-opacity":"","overlay-gradient":""},"tablet":{"background-color":"","background-image":"","background-repeat":"repeat","background-position":"center center","background-size":"auto","background-attachment":"scroll","background-type":"","background-media":"","overlay-type":"","overlay-color":"","overlay-opacity":"","overlay-gradient":""},"mobile":{"background-color":"","background-image":"","background-repeat":"repeat","background-position":"center center","background-size":"auto","background-attachment":"scroll","background-type":"","background-media":"","overlay-type":"","overlay-color":"","overlay-opacity":"","overlay-gradient":""}},"ast-content-background-meta":{"desktop":{"background-color":"var(--ast-global-color-4)","background-image":"","background-repeat":"repeat","background-position":"center center","background-size":"auto","background-attachment":"scroll","background-type":"","background-media":"","overlay-type":"","overlay-color":"","overlay-opacity":"","overlay-gradient":""},"tablet":{"background-color":"var(--ast-global-color-4)","background-image":"","background-repeat":"repeat","background-position":"center center","background-size":"auto","background-attachment":"scroll","background-type":"","background-media":"","overlay-type":"","overlay-color":"","overlay-opacity":"","overlay-gradient":""},"mobile":{"background-color":"var(--ast-global-color-4)","background-image":"","background-repeat":"repeat","background-position":"center center","background-size":"auto","background-attachment":"scroll","background-type":"","background-media":"","overlay-type":"","overlay-color":"","overlay-opacity":"","overlay-gradient":""}}},"product_brand":[],"product_cat":[24,22],"product_tag":[],"class_list":{"0":"post-277","1":"product","2":"type-product","3":"status-publish","4":"has-post-thumbnail","6":"product_cat-sach-ielts","7":"product_cat-sach-tieng-anh","8":"desktop-align-left","9":"tablet-align-left","10":"mobile-align-left","12":"first","13":"instock","14":"sale","15":"taxable","16":"shipping-taxable","17":"purchasable","18":"product-type-simple"},"_links":{"self":[{"href":"https:\/\/lulabookstore.com\/index.php\/wp-json\/wp\/v2\/product\/277","targetHints":{"allow":["GET"]}}],"collection":[{"href":"https:\/\/lulabookstore.com\/index.php\/wp-json\/wp\/v2\/product"}],"about":[{"href":"https:\/\/lulabookstore.com\/index.php\/wp-json\/wp\/v2\/types\/product"}],"replies":[{"embeddable":true,"href":"https:\/\/lulabookstore.com\/index.php\/wp-json\/wp\/v2\/comments?post=277"}],"wp:featuredmedia":[{"embeddable":true,"href":"https:\/\/lulabookstore.com\/index.php\/wp-json\/wp\/v2\/media\/278"}],"wp:attachment":[{"href":"https:\/\/lulabookstore.com\/index.php\/wp-json\/wp\/v2\/media?parent=277"}],"wp:term":[{"taxonomy":"product_brand","embeddable":true,"href":"https:\/\/lulabookstore.com\/index.php\/wp-json\/wp\/v2\/product_brand?post=277"},{"taxonomy":"product_cat","embeddable":true,"href":"https:\/\/lulabookstore.com\/index.php\/wp-json\/wp\/v2\/product_cat?post=277"},{"taxonomy":"product_tag","embeddable":true,"href":"https:\/\/lulabookstore.com\/index.php\/wp-json\/wp\/v2\/product_tag?post=277"}],"curies":[{"name":"wp","href":"https:\/\/api.w.org\/{rel}","templated":true}]}}