{"id":223,"date":"2026-03-20T11:14:18","date_gmt":"2026-03-20T11:14:18","guid":{"rendered":"https:\/\/lulabookstore.com\/?post_type=product&#038;p=223"},"modified":"2026-03-22T10:55:58","modified_gmt":"2026-03-22T10:55:58","slug":"sach-complete-ielts-full-6-quyen-combo-2-quyen-luyen-thi-ielts-den-trang-tai-ban","status":"publish","type":"product","link":"https:\/\/lulabookstore.com\/index.php\/san-pham\/sach-complete-ielts-full-6-quyen-combo-2-quyen-luyen-thi-ielts-den-trang-tai-ban\/","title":{"rendered":"S\u00e1ch Complete Ielts &#8211; full 6 quy\u1ec3n &#8211; combo 2 quy\u1ec3n &#8211; luy\u1ec7n thi ielts &#8211; \u0110en tr\u1eafng &#8211; T\u00e1i b\u1ea3n"},"content":{"rendered":"<ul>\n<li>Complete IELTS l\u00e0 b\u1ed9 s\u00e1ch g\u1ed3m ba cu\u1ed1n d\u00e0nh cho c\u00e1c nh\u00f3m \u0111\u1ed1i t\u01b0\u1ee3ng ng\u01b0\u1eddi h\u1ecdc c\u00f3 tr\u00ecnh \u0111\u1ed9 kh\u00e1c nhau (bands 4-5, bands 5-6.5 v\u00e0 bands 6.5 -7.5).<\/li>\n<li>N\u1ed9i dung ch\u00ednh bao g\u1ed3m: Language Input &#8211; s\u00e1ch cung c\u1ea5p c\u00e1c b\u00e0i t\u1eadp li\u00ean quan \u0111\u1ebfn k\u1ef9 n\u0103ng, t\u1eeb v\u1ef1ng v\u00e0 ng\u1eef ph\u00e1p c\u1ea7n thi\u1ebft cho c\u1ea3 b\u1ed1n ph\u1ea7n thi Nghe-n\u00f3i-\u0111\u1ecdc-vi\u1ebft, sau \u0111\u00f3 l\u00e0 ph\u1ea7n t\u1ed5ng h\u1ee3p n\u1ed9i dung, c\u00e1ch th\u1ee9c l\u00e0m b\u00e0i cho hai ph\u1ea7n thi N\u00f3i-Vi\u1ebft v\u00e0 ph\u1ea7n t\u1ed5ng h\u1ee3p cho n\u1ed9i dung Ng\u1eef ph\u00e1p v\u00e0 t\u1eeb v\u1ef1ng.<\/li>\n<li>Ng\u01b0\u1eddi h\u1ecdc khi s\u1eed d\u1ee5ng c\u1ea7n x\u00e1c \u0111\u1ecbnh tr\u00ecnh \u0111\u1ed9 v\u00e0 kh\u1ea3 n\u0103ng ng\u00f4n ng\u1eef c\u1ee7a b\u1ea3n th\u00e2n tr\u01b0\u1edbc khi ch\u1ecdn l\u1ef1a s\u00e1ch c\u00f3 band \u0111i\u1ec3m ph\u00f9 h\u1ee3p, khi h\u1ecdc c\u1ea7n l\u01b0u \u00fd ph\u00e2n b\u1ed5 v\u00e0 k\u1ebft h\u1ee3p c\u00e1c n\u1ed9i dung linh ho\u1ea1t v\u00e0 s\u1eed d\u1ee5ng c\u00f4ng c\u1ee5 d\u1ecbch ngh\u0129a \u0111\u1ec3 \u0111\u1ea3m b\u1ea3o vi\u1ec7c hi\u1ec3u ngh\u0129a di\u1ec5n ra m\u1ed9t c\u00e1ch ch\u00ednh x\u00e1c nh\u1ea5t.<\/li>\n<\/ul>\n","protected":false},"excerpt":{"rendered":"<p>Complete IELTS l\u00e0 b\u1ed9 s\u00e1ch g\u1ed3m ba cu\u1ed1n d\u00e0nh cho c\u00e1c nh\u00f3m \u0111\u1ed1i t\u01b0\u1ee3ng ng\u01b0\u1eddi h\u1ecdc c\u00f3 tr\u00ecnh \u0111\u1ed9 kh\u00e1c [&hellip;]<\/p>\n","protected":false},"featured_media":233,"comment_status":"open","ping_status":"closed","template":"","meta":{"site-sidebar-layout":"default","site-content-layout":"","ast-site-content-layout":"default","site-content-style":"default","site-sidebar-style":"default","ast-global-header-display":"","ast-banner-title-visibility":"","ast-main-header-display":"","ast-hfb-above-header-display":"","ast-hfb-below-header-display":"","ast-hfb-mobile-header-display":"","site-post-title":"","ast-breadcrumbs-content":"","ast-featured-img":"","footer-sml-layout":"","ast-disable-related-posts":"","theme-transparent-header-meta":"","adv-header-id-meta":"","stick-header-meta":"","header-above-stick-meta":"","header-main-stick-meta":"","header-below-stick-meta":"","astra-migrate-meta-layouts":"default","ast-page-background-enabled":"default","ast-page-background-meta":{"desktop":{"background-color":"var(--ast-global-color-5)","background-image":"","background-repeat":"repeat","background-position":"center center","background-size":"auto","background-attachment":"scroll","background-type":"","background-media":"","overlay-type":"","overlay-color":"","overlay-opacity":"","overlay-gradient":""},"tablet":{"background-color":"","background-image":"","background-repeat":"repeat","background-position":"center center","background-size":"auto","background-attachment":"scroll","background-type":"","background-media":"","overlay-type":"","overlay-color":"","overlay-opacity":"","overlay-gradient":""},"mobile":{"background-color":"","background-image":"","background-repeat":"repeat","background-position":"center center","background-size":"auto","background-attachment":"scroll","background-type":"","background-media":"","overlay-type":"","overlay-color":"","overlay-opacity":"","overlay-gradient":""}},"ast-content-background-meta":{"desktop":{"background-color":"var(--ast-global-color-4)","background-image":"","background-repeat":"repeat","background-position":"center center","background-size":"auto","background-attachment":"scroll","background-type":"","background-media":"","overlay-type":"","overlay-color":"","overlay-opacity":"","overlay-gradient":""},"tablet":{"background-color":"var(--ast-global-color-4)","background-image":"","background-repeat":"repeat","background-position":"center center","background-size":"auto","background-attachment":"scroll","background-type":"","background-media":"","overlay-type":"","overlay-color":"","overlay-opacity":"","overlay-gradient":""},"mobile":{"background-color":"var(--ast-global-color-4)","background-image":"","background-repeat":"repeat","background-position":"center center","background-size":"auto","background-attachment":"scroll","background-type":"","background-media":"","overlay-type":"","overlay-color":"","overlay-opacity":"","overlay-gradient":""}}},"product_brand":[],"product_cat":[24],"product_tag":[],"class_list":{"0":"post-223","1":"product","2":"type-product","3":"status-publish","4":"has-post-thumbnail","6":"product_cat-sach-ielts","7":"desktop-align-left","8":"tablet-align-left","9":"mobile-align-left","11":"first","12":"instock","13":"sale","14":"taxable","15":"shipping-taxable","16":"purchasable","17":"product-type-variable"},"_links":{"self":[{"href":"https:\/\/lulabookstore.com\/index.php\/wp-json\/wp\/v2\/product\/223","targetHints":{"allow":["GET"]}}],"collection":[{"href":"https:\/\/lulabookstore.com\/index.php\/wp-json\/wp\/v2\/product"}],"about":[{"href":"https:\/\/lulabookstore.com\/index.php\/wp-json\/wp\/v2\/types\/product"}],"replies":[{"embeddable":true,"href":"https:\/\/lulabookstore.com\/index.php\/wp-json\/wp\/v2\/comments?post=223"}],"wp:featuredmedia":[{"embeddable":true,"href":"https:\/\/lulabookstore.com\/index.php\/wp-json\/wp\/v2\/media\/233"}],"wp:attachment":[{"href":"https:\/\/lulabookstore.com\/index.php\/wp-json\/wp\/v2\/media?parent=223"}],"wp:term":[{"taxonomy":"product_brand","embeddable":true,"href":"https:\/\/lulabookstore.com\/index.php\/wp-json\/wp\/v2\/product_brand?post=223"},{"taxonomy":"product_cat","embeddable":true,"href":"https:\/\/lulabookstore.com\/index.php\/wp-json\/wp\/v2\/product_cat?post=223"},{"taxonomy":"product_tag","embeddable":true,"href":"https:\/\/lulabookstore.com\/index.php\/wp-json\/wp\/v2\/product_tag?post=223"}],"curies":[{"name":"wp","href":"https:\/\/api.w.org\/{rel}","templated":true}]}}