{"id":186,"date":"2026-03-20T10:16:12","date_gmt":"2026-03-20T10:16:12","guid":{"rendered":"https:\/\/lulabookstore.com\/?post_type=product&#038;p=186"},"modified":"2026-03-22T10:56:36","modified_gmt":"2026-03-22T10:56:36","slug":"sach-b1-preliminary-1-2-3-b1-preliminary-for-schools-b1-preliminary-for-schools-trainer-luyen-thi-pet","status":"publish","type":"product","link":"https:\/\/lulabookstore.com\/index.php\/san-pham\/sach-b1-preliminary-1-2-3-b1-preliminary-for-schools-b1-preliminary-for-schools-trainer-luyen-thi-pet\/","title":{"rendered":"S\u00e1ch B1 Preliminary 1 &#8211; 2 &#8211; 3, B1 Preliminary For Schools, B1 Preliminary For Schools Trainer, Luy\u00ean Thi PET"},"content":{"rendered":"<p>B1 Preliminary 1 2 l\u00e0 l\u1ef1a ch\u1ecdn ho\u00e0n h\u1ea3o d\u00e0nh cho c\u00e1c b\u1ea1n h\u1ecdc sinh v\u00e0 gi\u00e1o vi\u00ean \u0111ang chu\u1ea9n b\u1ecb cho k\u1ef3 thi B1 Preliminary (PET).<\/p>\n<p>nh\u1eb1m h\u1ed7 tr\u1ee3 h\u1ecdc vi\u00ean luy\u1ec7n thi ch\u1ee9ng ch\u1ec9 ti\u1ebfng Anh B1 Preliminary (tr\u01b0\u1edbc \u0111\u00e2y l\u00e0 PET \u2013 Preliminary English Test). \u0110\u00e2y l\u00e0 m\u1ed9t trong nh\u1eefng b\u1ed9 t\u00e0i li\u1ec7u luy\u1ec7n thi B1 \u0111\u00e1ng tin c\u1eady nh\u1ea5t tr\u00ean th\u1ecb tr\u01b0\u1eddng hi\u1ec7n nay, \u0111\u01b0\u1ee3c \u0111\u00e1nh gi\u00e1 cao nh\u1edd ch\u1ee9a\u00a0c\u00e1c \u0111\u1ec1 thi th\u1eadt t\u1eeb Cambridge\u00a0\u2013 s\u00e1t v\u1edbi c\u1ea5u tr\u00fac, \u0111\u1ed9 kh\u00f3 v\u00e0 \u0111\u1ecbnh d\u1ea1ng c\u1ee7a b\u00e0i thi th\u1ef1c t\u1ebf.<\/p>\n<p>B\u1ed9 s\u00e1ch l\u00e0 l\u1ef1a ch\u1ecdn l\u00fd t\u01b0\u1edfng d\u00e0nh cho h\u1ecdc vi\u00ean mong mu\u1ed1n l\u00e0m quen v\u1edbi k\u1ef3 thi B1 Preliminary v\u00e0 gi\u00e1o vi\u00ean \u0111ang gi\u1ea3ng d\u1ea1y luy\u1ec7n thi B1 t\u1ea1i trung t\u00e2m ho\u1eb7c tr\u01b0\u1eddng h\u1ecdc.<\/p>\n","protected":false},"excerpt":{"rendered":"<p>B1 Preliminary 1 2 l\u00e0 l\u1ef1a ch\u1ecdn ho\u00e0n h\u1ea3o d\u00e0nh cho c\u00e1c b\u1ea1n h\u1ecdc sinh v\u00e0 gi\u00e1o vi\u00ean \u0111ang chu\u1ea9n [&hellip;]<\/p>\n","protected":false},"featured_media":187,"comment_status":"open","ping_status":"closed","template":"","meta":{"site-sidebar-layout":"default","site-content-layout":"","ast-site-content-layout":"default","site-content-style":"default","site-sidebar-style":"default","ast-global-header-display":"","ast-banner-title-visibility":"","ast-main-header-display":"","ast-hfb-above-header-display":"","ast-hfb-below-header-display":"","ast-hfb-mobile-header-display":"","site-post-title":"","ast-breadcrumbs-content":"","ast-featured-img":"","footer-sml-layout":"","ast-disable-related-posts":"","theme-transparent-header-meta":"","adv-header-id-meta":"","stick-header-meta":"","header-above-stick-meta":"","header-main-stick-meta":"","header-below-stick-meta":"","astra-migrate-meta-layouts":"default","ast-page-background-enabled":"default","ast-page-background-meta":{"desktop":{"background-color":"var(--ast-global-color-5)","background-image":"","background-repeat":"repeat","background-position":"center center","background-size":"auto","background-attachment":"scroll","background-type":"","background-media":"","overlay-type":"","overlay-color":"","overlay-opacity":"","overlay-gradient":""},"tablet":{"background-color":"","background-image":"","background-repeat":"repeat","background-position":"center center","background-size":"auto","background-attachment":"scroll","background-type":"","background-media":"","overlay-type":"","overlay-color":"","overlay-opacity":"","overlay-gradient":""},"mobile":{"background-color":"","background-image":"","background-repeat":"repeat","background-position":"center center","background-size":"auto","background-attachment":"scroll","background-type":"","background-media":"","overlay-type":"","overlay-color":"","overlay-opacity":"","overlay-gradient":""}},"ast-content-background-meta":{"desktop":{"background-color":"var(--ast-global-color-4)","background-image":"","background-repeat":"repeat","background-position":"center center","background-size":"auto","background-attachment":"scroll","background-type":"","background-media":"","overlay-type":"","overlay-color":"","overlay-opacity":"","overlay-gradient":""},"tablet":{"background-color":"var(--ast-global-color-4)","background-image":"","background-repeat":"repeat","background-position":"center center","background-size":"auto","background-attachment":"scroll","background-type":"","background-media":"","overlay-type":"","overlay-color":"","overlay-opacity":"","overlay-gradient":""},"mobile":{"background-color":"var(--ast-global-color-4)","background-image":"","background-repeat":"repeat","background-position":"center center","background-size":"auto","background-attachment":"scroll","background-type":"","background-media":"","overlay-type":"","overlay-color":"","overlay-opacity":"","overlay-gradient":""}}},"product_brand":[],"product_cat":[22,28],"product_tag":[],"class_list":{"0":"post-186","1":"product","2":"type-product","3":"status-publish","4":"has-post-thumbnail","6":"product_cat-sach-tieng-anh","7":"product_cat-sach-tong-hop","8":"desktop-align-left","9":"tablet-align-left","10":"mobile-align-left","12":"first","13":"instock","14":"sale","15":"taxable","16":"shipping-taxable","17":"purchasable","18":"product-type-variable"},"_links":{"self":[{"href":"https:\/\/lulabookstore.com\/index.php\/wp-json\/wp\/v2\/product\/186","targetHints":{"allow":["GET"]}}],"collection":[{"href":"https:\/\/lulabookstore.com\/index.php\/wp-json\/wp\/v2\/product"}],"about":[{"href":"https:\/\/lulabookstore.com\/index.php\/wp-json\/wp\/v2\/types\/product"}],"replies":[{"embeddable":true,"href":"https:\/\/lulabookstore.com\/index.php\/wp-json\/wp\/v2\/comments?post=186"}],"wp:featuredmedia":[{"embeddable":true,"href":"https:\/\/lulabookstore.com\/index.php\/wp-json\/wp\/v2\/media\/187"}],"wp:attachment":[{"href":"https:\/\/lulabookstore.com\/index.php\/wp-json\/wp\/v2\/media?parent=186"}],"wp:term":[{"taxonomy":"product_brand","embeddable":true,"href":"https:\/\/lulabookstore.com\/index.php\/wp-json\/wp\/v2\/product_brand?post=186"},{"taxonomy":"product_cat","embeddable":true,"href":"https:\/\/lulabookstore.com\/index.php\/wp-json\/wp\/v2\/product_cat?post=186"},{"taxonomy":"product_tag","embeddable":true,"href":"https:\/\/lulabookstore.com\/index.php\/wp-json\/wp\/v2\/product_tag?post=186"}],"curies":[{"name":"wp","href":"https:\/\/api.w.org\/{rel}","templated":true}]}}