{"id":168,"date":"2026-03-20T09:58:33","date_gmt":"2026-03-20T09:58:33","guid":{"rendered":"https:\/\/lulabookstore.com\/?post_type=product&#038;p=168"},"modified":"2026-03-22T10:57:00","modified_gmt":"2026-03-22T10:57:00","slug":"sach-english-collocations-in-use-intermediate-advanced-co-dap-an","status":"publish","type":"product","link":"https:\/\/lulabookstore.com\/index.php\/san-pham\/sach-english-collocations-in-use-intermediate-advanced-co-dap-an\/","title":{"rendered":"S\u00e1ch &#8211; English Collocations in Use Intermediate &#8211; Advanced &#8211; c\u00f3 \u0111\u00e1p \u00e1n"},"content":{"rendered":"<p>English Collocations in Use b\u1ed9 2 cu\u1ed1n (Intermediate \u2013 Advanced)<\/p>\n<p>C\u00e1c b\u1ea1n mu\u1ed1n n\u00e2ng c\u1ea5p t\u1eeb v\u1ef1ng v\u1ec1 Collocations c\u00f3 th\u1ec3 tham kh\u1ea3o 2 cu\u1ed1n x\u1ecbn s\u00f2 n\u00e0y nh\u00e9.<\/p>\n<p>English Collocations In Use Intermediate s\u1ebd d\u00e0nh cho c\u00e1c b\u1ea1n c\u00f3 tr\u00ecnh \u0111\u1ed9 band 3.5+ IELTS tr\u1edf l\u00ean, kh\u00f4ng qu\u00e1 kh\u00f3 v\u00e0 ch\u1ec9 bao g\u1ed3m c\u00e1c collocations ch\u1ee7 \u0111\u1ec1 c\u01a1 b\u1ea3n. So s\u00e1nh compounds v\u00e0 idioms v\u1edbi collocations \u0111\u1ec3 b\u1ea1n hi\u1ec3u r\u00f5 h\u01a1n v\u1ec1 c\u00e1c c\u1ee5m t\u1eeb \u0111\u01b0\u1ee3c s\u1eed d\u1ee5ng ph\u1ed5 bi\u1ebfn trong IELTS v\u00e0 ti\u1ebfng Anh. N\u1ed9i dung s\u00e1ch English Collocations In Use Intermediate \u0111\u01b0\u1ee3c chia th\u00e0nh c\u00e1c ph\u1ea7n ch\u00ednh nh\u01b0:gi\u1edbi thi\u1ec7u v\u1ec1 \u0111\u1ecbnh ngh\u0129a, ph\u00e2n lo\u1ea1i, kh\u00e1i ni\u1ec7m, c\u00e1ch tra c\u1ee9u ho\u1eb7c c\u00e1ch ghi nh\u1edb nhanh c\u00e1c collocations. c\u0169ng nh\u01b0 c\u1ea5u tr\u00fac v\u00e0 c\u00e1c nguy\u00ean t\u1eafc v\u1ec1 ng\u1eef ph\u00e1p li\u00ean quan t\u1edbi collocations hay l\u00e0. Nh\u1eefng l\u01b0u \u00fd \u0111\u1eb7c bi\u1ec7t b\u1ea1n c\u1ea7n ghi nh\u1edb khi s\u1eed d\u1ee5ng collocations.<\/p>\n<p>English Collocations In Use Advanced g\u1ed3m m\u1ed7i unit s\u1ebd b\u1eaft \u0111\u1ea7u b\u1eb1ng l\u00fd thuy\u1ebft, c\u00e1c collocation \u0111\u01b0\u1ee3c \u0111\u01b0a ra theo t\u1eebng ch\u1ee7 \u0111\u1ec1. \u0110i k\u00e8m v\u1edbi \u0111\u00f3 s\u1ebd l\u00e0 v\u00ed d\u1ee5 minh h\u1ecda v\u00e0 l\u01b0u \u00fd n\u1ebfu c\u00f3. Cu\u1ed1i m\u1ed7i unit s\u1ebd l\u00e0 ph\u1ea7n b\u00e0i t\u1eadp gi\u00fap b\u1ea1n h\u1ec7 th\u1ed1ng v\u00e0 ki\u1ec3m tra l\u1ea1i nh\u1eefng ki\u1ebfn th\u1ee9c m\u00ecnh v\u1eeba h\u1ecdc.<\/p>\n","protected":false},"excerpt":{"rendered":"<p>English Collocations in Use b\u1ed9 2 cu\u1ed1n (Intermediate \u2013 Advanced) C\u00e1c b\u1ea1n mu\u1ed1n n\u00e2ng c\u1ea5p t\u1eeb v\u1ef1ng v\u1ec1 Collocations c\u00f3 [&hellip;]<\/p>\n","protected":false},"featured_media":170,"comment_status":"open","ping_status":"closed","template":"","meta":{"site-sidebar-layout":"default","site-content-layout":"","ast-site-content-layout":"default","site-content-style":"default","site-sidebar-style":"default","ast-global-header-display":"","ast-banner-title-visibility":"","ast-main-header-display":"","ast-hfb-above-header-display":"","ast-hfb-below-header-display":"","ast-hfb-mobile-header-display":"","site-post-title":"","ast-breadcrumbs-content":"","ast-featured-img":"","footer-sml-layout":"","ast-disable-related-posts":"","theme-transparent-header-meta":"","adv-header-id-meta":"","stick-header-meta":"","header-above-stick-meta":"","header-main-stick-meta":"","header-below-stick-meta":"","astra-migrate-meta-layouts":"default","ast-page-background-enabled":"default","ast-page-background-meta":{"desktop":{"background-color":"var(--ast-global-color-5)","background-image":"","background-repeat":"repeat","background-position":"center center","background-size":"auto","background-attachment":"scroll","background-type":"","background-media":"","overlay-type":"","overlay-color":"","overlay-opacity":"","overlay-gradient":""},"tablet":{"background-color":"","background-image":"","background-repeat":"repeat","background-position":"center center","background-size":"auto","background-attachment":"scroll","background-type":"","background-media":"","overlay-type":"","overlay-color":"","overlay-opacity":"","overlay-gradient":""},"mobile":{"background-color":"","background-image":"","background-repeat":"repeat","background-position":"center center","background-size":"auto","background-attachment":"scroll","background-type":"","background-media":"","overlay-type":"","overlay-color":"","overlay-opacity":"","overlay-gradient":""}},"ast-content-background-meta":{"desktop":{"background-color":"var(--ast-global-color-4)","background-image":"","background-repeat":"repeat","background-position":"center center","background-size":"auto","background-attachment":"scroll","background-type":"","background-media":"","overlay-type":"","overlay-color":"","overlay-opacity":"","overlay-gradient":""},"tablet":{"background-color":"var(--ast-global-color-4)","background-image":"","background-repeat":"repeat","background-position":"center center","background-size":"auto","background-attachment":"scroll","background-type":"","background-media":"","overlay-type":"","overlay-color":"","overlay-opacity":"","overlay-gradient":""},"mobile":{"background-color":"var(--ast-global-color-4)","background-image":"","background-repeat":"repeat","background-position":"center center","background-size":"auto","background-attachment":"scroll","background-type":"","background-media":"","overlay-type":"","overlay-color":"","overlay-opacity":"","overlay-gradient":""}}},"product_brand":[],"product_cat":[24,22],"product_tag":[],"class_list":{"0":"post-168","1":"product","2":"type-product","3":"status-publish","4":"has-post-thumbnail","6":"product_cat-sach-ielts","7":"product_cat-sach-tieng-anh","8":"desktop-align-left","9":"tablet-align-left","10":"mobile-align-left","12":"first","13":"instock","14":"sale","15":"taxable","16":"shipping-taxable","17":"purchasable","18":"product-type-variable"},"_links":{"self":[{"href":"https:\/\/lulabookstore.com\/index.php\/wp-json\/wp\/v2\/product\/168","targetHints":{"allow":["GET"]}}],"collection":[{"href":"https:\/\/lulabookstore.com\/index.php\/wp-json\/wp\/v2\/product"}],"about":[{"href":"https:\/\/lulabookstore.com\/index.php\/wp-json\/wp\/v2\/types\/product"}],"replies":[{"embeddable":true,"href":"https:\/\/lulabookstore.com\/index.php\/wp-json\/wp\/v2\/comments?post=168"}],"wp:featuredmedia":[{"embeddable":true,"href":"https:\/\/lulabookstore.com\/index.php\/wp-json\/wp\/v2\/media\/170"}],"wp:attachment":[{"href":"https:\/\/lulabookstore.com\/index.php\/wp-json\/wp\/v2\/media?parent=168"}],"wp:term":[{"taxonomy":"product_brand","embeddable":true,"href":"https:\/\/lulabookstore.com\/index.php\/wp-json\/wp\/v2\/product_brand?post=168"},{"taxonomy":"product_cat","embeddable":true,"href":"https:\/\/lulabookstore.com\/index.php\/wp-json\/wp\/v2\/product_cat?post=168"},{"taxonomy":"product_tag","embeddable":true,"href":"https:\/\/lulabookstore.com\/index.php\/wp-json\/wp\/v2\/product_tag?post=168"}],"curies":[{"name":"wp","href":"https:\/\/api.w.org\/{rel}","templated":true}]}}