{"id":150,"date":"2026-03-20T07:23:01","date_gmt":"2026-03-20T07:23:01","guid":{"rendered":"https:\/\/lulabookstore.com\/?post_type=product&#038;p=150"},"modified":"2026-03-22T10:57:29","modified_gmt":"2026-03-22T10:57:29","slug":"sach-idiom-and-phrasal-verb-intermediate-advanced-le-bo-ban-dep-tai-ban","status":"publish","type":"product","link":"https:\/\/lulabookstore.com\/index.php\/san-pham\/sach-idiom-and-phrasal-verb-intermediate-advanced-le-bo-ban-dep-tai-ban\/","title":{"rendered":"S\u00e1ch Idiom And Phrasal Verb &#8211; Intermediate, Advanced (L\u1ebb, B\u1ed9) (B\u1ea3n \u0111\u1eb9p) &#8211; t\u00e1i b\u1ea3n"},"content":{"rendered":"<p>S\u00e1ch Idiom And Phrasal Verb &#8211; Intermediate, Advanced (L\u1ebb, B\u1ed9) (B\u1ea3n \u0111\u1eb9p) &#8211; t\u00e1i b\u1ea3n<\/p>\n<p>Oxford Word Skills Idioms And Phrasal Verbs\u00a0\u2013 b\u1ed9 s\u00e1ch \u0111\u01b0\u1ee3c bi\u00ean so\u1ea1n b\u1edfi 2 t\u00e1c gi\u1ea3 Ruth Gains v\u00e0 Stuart Redman. \u0110\u00e2y l\u00e0 2 cu\u1ed1n t\u00e0i li\u1ec7u thu\u1ed9c b\u1ed9 s\u00e1ch Oxford Word Skills, xu\u1ea5t b\u1ea3n b\u1edfi tr\u01b0\u1eddng \u0110\u1ea1i h\u1ecdc Oxford University Press. l\u00e0 b\u1ed9 t\u00e0i li\u1ec7u v\u1ec1 t\u1eeb v\u1ef1ng Oxford Word Skills. B\u1ed9 s\u00e1ch v\u1ec1 idioms v\u00e0 phrasal verbs \u0111\u01b0\u1ee3c ph\u00e2n th\u00e0nh 2 cu\u1ed1n c\u00f3 tr\u00ecnh \u0111\u1ed9 intermediate v\u00e0 advanced. \u0110\u00e2y l\u00e0 m\u1ed9t trong nh\u1eefng cu\u1ed1n s\u00e1ch n\u1ed5i ti\u1ebfng trong series Oxford Word Skills.<\/p>\n<p>C\u00e1c \u01b0u \u0111i\u1ec3m c\u1ee7a b\u1ed9 s\u00e1ch Idioms and Phrasal Verbs:<\/p>\n<p>1. Cung c\u1ea5p ki\u1ebfn th\u1ee9c t\u1ed5ng qu\u00e1t.<\/p>\n<p>Cu\u1ed1n s\u00e1ch\u00a0Idioms and Phrasal Verbs PDF\u00a0cung c\u1ea5p h\u01a1n 1000 idioms v\u00e0 phrasal verbs c\u00f3 tr\u00ecnh \u0111\u1ed9 t\u1eeb B1 \u2013 B2. T\u1ea5t c\u1ea3 idioms v\u00e0 phrasal verbs \u0111\u01b0\u1ee3c l\u1ed3ng gh\u00e9p xuy\u00ean su\u1ed1t 60 ng\u1eef c\u1ea3nh, ch\u1ee7 \u0111\u1ec1 th\u01b0\u1eddng g\u1eb7p trong b\u00e0i thi Ielts.<\/p>\n<p>B\u00ean c\u1ea1nh \u0111\u00f3, c\u00e1c chuy\u00ean gia c\u0169ng \u0111\u01b0a ra nh\u1eefng l\u1eddi khuy\u00ean v\u00e0 b\u00ed quy\u1ebft \u0111\u1ec3 ng\u01b0\u1eddi \u0111\u1ecdc y\u00ean t\u00e2m s\u1eed d\u1ee5ng. \u0110\u00e2y ch\u1eafc ch\u1eafn l\u00e0 ngu\u1ed3n t\u00e0i li\u1ec7u luy\u1ec7n thi Ielts v\u00f4 c\u00f9ng h\u1eefu d\u1ee5ng m\u00e0 b\u1ea1n kh\u00f4ng n\u00ean b\u1ecf qua.<\/p>\n<p>2. N\u1ed9i dung \u0111\u01b0\u1ee3c ph\u00e2n chia r\u00f5 r\u00e0ng<\/p>\n<p>M\u1ed7i unit trong Idioms and Phrasal Verbs \u0111\u1ec1u bao g\u1ed3m \u0111\u1ea7y \u0111\u1ee7 ng\u1eef c\u1ea3nh m\u00e0 idioms ho\u1eb7c phrasal verbs xu\u1ea5t hi\u1ec7n. Sau \u0111\u00f3 t\u1edbi ph\u1ea7n gi\u1ea3i ngh\u0129a, sau c\u00f9ng l\u00e0 ph\u1ea7n b\u00e0i t\u1eadp th\u1ef1c h\u00e0nh \u0111\u1ec3 ng\u01b0\u1eddi h\u1ecdc c\u1ee7ng c\u1ed1 ki\u1ebfn th\u1ee9c. Khi b\u1ea1n \u0111\u00e3 ho\u00e0n th\u00e0nh 4 \u0111\u1ebfn 9 unit, ng\u01b0\u1eddi \u0111\u1ecdc s\u1ebd c\u00f3 ph\u1ea7n b\u00e0i t\u1eadp \u0111\u1ec3 t\u1ed5ng \u00f4n ki\u1ebfn th\u1ee9c m\u1ed9t c\u00e1ch c\u00f3 h\u1ec7 th\u1ed1ng. \u0110\u00e2y c\u0169ng l\u00e0 \u0111i\u1ec1u m\u00e0 m\u00ecnh \u0111\u00e1nh gi\u00e1 cao v\u1ec1 n\u1ed9i dung s\u00e1ch, ph\u1ea3i th\u1ed1t l\u00ean r\u1eb1ng kh\u00e1 l\u00e0 khoa h\u1ecdc, logic \u0111\u00fang kh\u00f4ng c\u00e1c b\u1ea1n.<\/p>\n<p>3. \u0110\u1ed1i t\u01b0\u1ee3ng s\u1eed d\u1ee5ng ph\u00f9 h\u1ee3p<\/p>\n<p>\u0110\u00e2y l\u00e0 b\u1ed9 s\u00e1ch t\u1eeb v\u1ef1ng tr\u00ecnh \u0111\u1ed9 trung c\u1ea5p v\u00e0 n\u00e2ng cao, do \u0111\u00f3 n\u1ebfu b\u1ea1n l\u00e0 ng\u01b0\u1eddi m\u1edbi b\u1eaft \u0111\u1ea7u h\u1ecdc ti\u1ebfng Anh, m\u1ea5t g\u1ed1c ti\u1ebfng Anh th\u00ec kh\u00f4ng n\u00ean l\u1ef1a ch\u1ecdn s\u1eed d\u1ee5ng<\/p>\n<p>\u2013 Oxford Word Skills Idioms And Phrasal Verbs Intermediate: ph\u00f9 h\u1ee3p v\u1edbi ng\u01b0\u1eddi h\u1ecdc \u1edf tr\u00ecnh \u0111\u1ed9 trung c\u1ea5p, 4.5 \u2013 5.5 IELTS.<\/p>\n<p>\u2013 Oxford Word Skills Idioms And Phrasal Verbs Advanced: ph\u00f9 h\u1ee3p v\u1edbi ng\u01b0\u1eddi h\u1ecdc \u1edf tr\u00ecnh \u0111\u1ed9 n\u00e2ng cao, 6.0+ IELTS.<\/p>\n","protected":false},"excerpt":{"rendered":"<p>S\u00e1ch Idiom And Phrasal Verb &#8211; Intermediate, Advanced (L\u1ebb, B\u1ed9) (B\u1ea3n \u0111\u1eb9p) &#8211; t\u00e1i b\u1ea3n Oxford Word Skills Idioms And [&hellip;]<\/p>\n","protected":false},"featured_media":151,"comment_status":"open","ping_status":"closed","template":"","meta":{"site-sidebar-layout":"default","site-content-layout":"","ast-site-content-layout":"default","site-content-style":"default","site-sidebar-style":"default","ast-global-header-display":"","ast-banner-title-visibility":"","ast-main-header-display":"","ast-hfb-above-header-display":"","ast-hfb-below-header-display":"","ast-hfb-mobile-header-display":"","site-post-title":"","ast-breadcrumbs-content":"","ast-featured-img":"","footer-sml-layout":"","ast-disable-related-posts":"","theme-transparent-header-meta":"","adv-header-id-meta":"","stick-header-meta":"","header-above-stick-meta":"","header-main-stick-meta":"","header-below-stick-meta":"","astra-migrate-meta-layouts":"default","ast-page-background-enabled":"default","ast-page-background-meta":{"desktop":{"background-color":"var(--ast-global-color-5)","background-image":"","background-repeat":"repeat","background-position":"center center","background-size":"auto","background-attachment":"scroll","background-type":"","background-media":"","overlay-type":"","overlay-color":"","overlay-opacity":"","overlay-gradient":""},"tablet":{"background-color":"","background-image":"","background-repeat":"repeat","background-position":"center center","background-size":"auto","background-attachment":"scroll","background-type":"","background-media":"","overlay-type":"","overlay-color":"","overlay-opacity":"","overlay-gradient":""},"mobile":{"background-color":"","background-image":"","background-repeat":"repeat","background-position":"center center","background-size":"auto","background-attachment":"scroll","background-type":"","background-media":"","overlay-type":"","overlay-color":"","overlay-opacity":"","overlay-gradient":""}},"ast-content-background-meta":{"desktop":{"background-color":"var(--ast-global-color-4)","background-image":"","background-repeat":"repeat","background-position":"center center","background-size":"auto","background-attachment":"scroll","background-type":"","background-media":"","overlay-type":"","overlay-color":"","overlay-opacity":"","overlay-gradient":""},"tablet":{"background-color":"var(--ast-global-color-4)","background-image":"","background-repeat":"repeat","background-position":"center center","background-size":"auto","background-attachment":"scroll","background-type":"","background-media":"","overlay-type":"","overlay-color":"","overlay-opacity":"","overlay-gradient":""},"mobile":{"background-color":"var(--ast-global-color-4)","background-image":"","background-repeat":"repeat","background-position":"center center","background-size":"auto","background-attachment":"scroll","background-type":"","background-media":"","overlay-type":"","overlay-color":"","overlay-opacity":"","overlay-gradient":""}}},"product_brand":[],"product_cat":[24,22],"product_tag":[],"class_list":{"0":"post-150","1":"product","2":"type-product","3":"status-publish","4":"has-post-thumbnail","6":"product_cat-sach-ielts","7":"product_cat-sach-tieng-anh","8":"desktop-align-left","9":"tablet-align-left","10":"mobile-align-left","12":"first","13":"instock","14":"sale","15":"taxable","16":"shipping-taxable","17":"purchasable","18":"product-type-variable"},"_links":{"self":[{"href":"https:\/\/lulabookstore.com\/index.php\/wp-json\/wp\/v2\/product\/150","targetHints":{"allow":["GET"]}}],"collection":[{"href":"https:\/\/lulabookstore.com\/index.php\/wp-json\/wp\/v2\/product"}],"about":[{"href":"https:\/\/lulabookstore.com\/index.php\/wp-json\/wp\/v2\/types\/product"}],"replies":[{"embeddable":true,"href":"https:\/\/lulabookstore.com\/index.php\/wp-json\/wp\/v2\/comments?post=150"}],"wp:featuredmedia":[{"embeddable":true,"href":"https:\/\/lulabookstore.com\/index.php\/wp-json\/wp\/v2\/media\/151"}],"wp:attachment":[{"href":"https:\/\/lulabookstore.com\/index.php\/wp-json\/wp\/v2\/media?parent=150"}],"wp:term":[{"taxonomy":"product_brand","embeddable":true,"href":"https:\/\/lulabookstore.com\/index.php\/wp-json\/wp\/v2\/product_brand?post=150"},{"taxonomy":"product_cat","embeddable":true,"href":"https:\/\/lulabookstore.com\/index.php\/wp-json\/wp\/v2\/product_cat?post=150"},{"taxonomy":"product_tag","embeddable":true,"href":"https:\/\/lulabookstore.com\/index.php\/wp-json\/wp\/v2\/product_tag?post=150"}],"curies":[{"name":"wp","href":"https:\/\/api.w.org\/{rel}","templated":true}]}}