{"id":416,"date":"2026-03-21T15:42:52","date_gmt":"2026-03-21T15:42:52","guid":{"rendered":"https:\/\/lulabookstore.com\/?page_id=416"},"modified":"2026-03-21T15:42:52","modified_gmt":"2026-03-21T15:42:52","slug":"huong-dan-thanh-toan","status":"publish","type":"page","link":"https:\/\/lulabookstore.com\/index.php\/huong-dan-thanh-toan\/","title":{"rendered":"H\u01b0\u1edbng d\u1eabn thanh to\u00e1n"},"content":{"rendered":"\n<p>Hi\u1ec7n t\u1ea1i website Chuy\u00ean S\u00e1ch Ngo\u1ea1i Ng\u1eef &#8211; S\u00e1ch \u00d4n Thi lulabookstore\u00a0h\u1ed7 tr\u1ee3 2 h\u00ecnh th\u1ee9c thanh to\u00e1n ch\u00ednh:<\/p>\n\n\n\n<p><strong>C\u00e1ch 1: Thanh to\u00e1n khi giao h\u00e0ng (COD)<\/strong><\/p>\n\n\n\n<p>Thanh to\u00e1n khi nh\u1eadn h\u00e0ng (COD), kh\u00e1ch h\u00e0ng xem h\u00e0ng t\u1ea1i nh\u00e0, thanh to\u00e1n ti\u1ec1n m\u1eb7t cho nh\u00e2n vi\u00ean giao nh\u1eadn h\u00e0ng.<\/p>\n\n\n\n<p><strong>C\u00e1ch 2: Thanh to\u00e1n qua chuy\u1ec3n kho\u1ea3n ng\u00e2n h\u00e0ng<\/strong><\/p>\n\n\n\n<p><strong><em>Khi kh\u00e1ch h\u00e0ng chuy\u1ec3n kho\u1ea3n Xin vui l\u00f2ng ghi M\u00c3 \u0110\u01a0N H\u00c0NG (kh\u00f4ng ghi g\u00ec th\u00eam) trong n\u1ed9i dung chuy\u1ec3n kho\u1ea3n. Ch\u00fang t\u00f4i s\u1ebd x\u1eed l\u00fd \u0111\u01a1n h\u00e0ng c\u1ee7a b\u1ea1n khi nh\u1eadn \u0111\u01b0\u1ee3c ti\u1ec1n thanh to\u00e1n.<\/em><\/strong><\/p>\n","protected":false},"excerpt":{"rendered":"<p>Hi\u1ec7n t\u1ea1i website Chuy\u00ean S\u00e1ch Ngo\u1ea1i Ng\u1eef &#8211; S\u00e1ch \u00d4n Thi lulabookstore\u00a0h\u1ed7 tr\u1ee3 2 h\u00ecnh th\u1ee9c thanh to\u00e1n ch\u00ednh: C\u00e1ch [&hellip;]<\/p>\n","protected":false},"author":1,"featured_media":0,"parent":0,"menu_order":0,"comment_status":"closed","ping_status":"closed","template":"","meta":{"site-sidebar-layout":"default","site-content-layout":"","ast-site-content-layout":"default","site-content-style":"default","site-sidebar-style":"default","ast-global-header-display":"","ast-banner-title-visibility":"","ast-main-header-display":"","ast-hfb-above-header-display":"","ast-hfb-below-header-display":"","ast-hfb-mobile-header-display":"","site-post-title":"","ast-breadcrumbs-content":"","ast-featured-img":"","footer-sml-layout":"","ast-disable-related-posts":"","theme-transparent-header-meta":"","adv-header-id-meta":"","stick-header-meta":"","header-above-stick-meta":"","header-main-stick-meta":"","header-below-stick-meta":"","astra-migrate-meta-layouts":"default","ast-page-background-enabled":"default","ast-page-background-meta":{"desktop":{"background-color":"var(--ast-global-color-5)","background-image":"","background-repeat":"repeat","background-position":"center center","background-size":"auto","background-attachment":"scroll","background-type":"","background-media":"","overlay-type":"","overlay-color":"","overlay-opacity":"","overlay-gradient":""},"tablet":{"background-color":"","background-image":"","background-repeat":"repeat","background-position":"center center","background-size":"auto","background-attachment":"scroll","background-type":"","background-media":"","overlay-type":"","overlay-color":"","overlay-opacity":"","overlay-gradient":""},"mobile":{"background-color":"","background-image":"","background-repeat":"repeat","background-position":"center center","background-size":"auto","background-attachment":"scroll","background-type":"","background-media":"","overlay-type":"","overlay-color":"","overlay-opacity":"","overlay-gradient":""}},"ast-content-background-meta":{"desktop":{"background-color":"var(--ast-global-color-4)","background-image":"","background-repeat":"repeat","background-position":"center center","background-size":"auto","background-attachment":"scroll","background-type":"","background-media":"","overlay-type":"","overlay-color":"","overlay-opacity":"","overlay-gradient":""},"tablet":{"background-color":"var(--ast-global-color-4)","background-image":"","background-repeat":"repeat","background-position":"center center","background-size":"auto","background-attachment":"scroll","background-type":"","background-media":"","overlay-type":"","overlay-color":"","overlay-opacity":"","overlay-gradient":""},"mobile":{"background-color":"var(--ast-global-color-4)","background-image":"","background-repeat":"repeat","background-position":"center center","background-size":"auto","background-attachment":"scroll","background-type":"","background-media":"","overlay-type":"","overlay-color":"","overlay-opacity":"","overlay-gradient":""}},"footnotes":""},"class_list":["post-416","page","type-page","status-publish","hentry"],"_links":{"self":[{"href":"https:\/\/lulabookstore.com\/index.php\/wp-json\/wp\/v2\/pages\/416","targetHints":{"allow":["GET"]}}],"collection":[{"href":"https:\/\/lulabookstore.com\/index.php\/wp-json\/wp\/v2\/pages"}],"about":[{"href":"https:\/\/lulabookstore.com\/index.php\/wp-json\/wp\/v2\/types\/page"}],"author":[{"embeddable":true,"href":"https:\/\/lulabookstore.com\/index.php\/wp-json\/wp\/v2\/users\/1"}],"replies":[{"embeddable":true,"href":"https:\/\/lulabookstore.com\/index.php\/wp-json\/wp\/v2\/comments?post=416"}],"version-history":[{"count":1,"href":"https:\/\/lulabookstore.com\/index.php\/wp-json\/wp\/v2\/pages\/416\/revisions"}],"predecessor-version":[{"id":417,"href":"https:\/\/lulabookstore.com\/index.php\/wp-json\/wp\/v2\/pages\/416\/revisions\/417"}],"wp:attachment":[{"href":"https:\/\/lulabookstore.com\/index.php\/wp-json\/wp\/v2\/media?parent=416"}],"curies":[{"name":"wp","href":"https:\/\/api.w.org\/{rel}","templated":true}]}}